{"id":3734,"date":"2013-03-21T13:13:54","date_gmt":"2013-03-21T12:13:54","guid":{"rendered":"http:\/\/cmpaix.eu\/fr\/?page_id=3734"},"modified":"2025-03-25T13:46:28","modified_gmt":"2025-03-25T11:46:28","slug":"infos-pratiques","status":"publish","type":"page","link":"http:\/\/cmpaix.eu\/fr\/infos-pratiques\/","title":{"rendered":"Infos pratiques"},"content":{"rendered":"<div class=\"fusion-fullwidth fullwidth-box fusion-builder-row-1 hundred-percent-fullwidth non-hundred-percent-height-scrolling\" style=\"--awb-border-radius-top-left:0px;--awb-border-radius-top-right:0px;--awb-border-radius-bottom-right:0px;--awb-border-radius-bottom-left:0px;--awb-overflow:visible;--awb-padding-right:30px;--awb-padding-left:30px;--awb-margin-top:-40px;--awb-background-color:rgba(255,255,255,0);--awb-flex-wrap:wrap;\" ><\/div>\n<div class=\"fusion-sep-clear\"><\/div><div class=\"fusion-separator fusion-full-width-sep\" style=\"margin-left: auto;margin-right: auto;margin-top:20px;margin-bottom:20px;width:100%;\"><\/div><div class=\"fusion-sep-clear\"><\/div>\n<p class=\"fr-btn-bleu-clair text-white at-external-link-click\">Horaires et informations<\/p>\n<div class=\"fusion-sep-clear\"><\/div><div class=\"fusion-separator fusion-full-width-sep\" style=\"margin-left: auto;margin-right: auto;margin-top:-20px;margin-bottom:-20px;width:100%;\"><\/div><div class=\"fusion-sep-clear\"><\/div>\n<div class=\"accueil_bg_orange shadow\">\n<div class=\"fusion-sep-clear\"><\/div><div class=\"fusion-separator fusion-full-width-sep\" style=\"margin-left: auto;margin-right: auto;margin-top:10px;margin-bottom:10px;width:100%;\"><\/div><div class=\"fusion-sep-clear\"><\/div>\n<p><div class=\"fusion-fullwidth fullwidth-box fusion-builder-row-2 hundred-percent-fullwidth non-hundred-percent-height-scrolling\" style=\"--awb-border-radius-top-left:0px;--awb-border-radius-top-right:0px;--awb-border-radius-bottom-right:0px;--awb-border-radius-bottom-left:0px;--awb-overflow:visible;--awb-padding-right:30px;--awb-padding-left:30px;--awb-flex-wrap:wrap;\" ><\/div><div class=\"fusion-builder-row fusion-row\"><\/div><div class=\"fusion-layout-column fusion_builder_column fusion-builder-column-0 fusion_builder_column_1_3 1_3 fusion-one-third fusion-column-first\" style=\"--awb-bg-size:cover;width:30.6666%; margin-right: 4%;\"><div class=\"fusion-column-wrapper fusion-flex-column-wrapper-legacy\"><div class=\"fusion-clearfix\"><\/div><\/div><\/div><\/p>\n<h2>Coordonn\u00e9es<\/h2>\n<p>Centre Mondial de la Paix<br \/>\ndes Libert\u00e9s et des Droits de l&rsquo;Homme<\/p>\n<p>Place Monseigneur Ginisty B.P. 10183<br \/>\n55105 VERDUN Cedex<br \/>\nT\u00e9l. +33 (0) 3 29 86 55 00<\/p>\n<p>Coordonn\u00e9es GPS (Lat x Long) :<br \/>\n49.158779000, 5.380270000<\/p>\n<p><div class=\"fusion-fullwidth fullwidth-box fusion-builder-row-3 hundred-percent-fullwidth non-hundred-percent-height-scrolling\" style=\"--awb-border-radius-top-left:0px;--awb-border-radius-top-right:0px;--awb-border-radius-bottom-right:0px;--awb-border-radius-bottom-left:0px;--awb-overflow:visible;--awb-padding-right:30px;--awb-padding-left:30px;--awb-flex-wrap:wrap;\" ><\/div><div class=\"fusion-builder-row fusion-row\"><\/div><div class=\"fusion-layout-column fusion_builder_column fusion-builder-column-1 fusion_builder_column_1_3 1_3 fusion-one-third fusion-column-first\" style=\"--awb-bg-size:cover;width:30.6666%; margin-right: 4%;\"><div class=\"fusion-column-wrapper fusion-flex-column-wrapper-legacy\"><div class=\"fusion-clearfix\"><\/div><\/div><\/div><\/p>\n<h2>Horaires d\u2019ouverture<\/h2>\n<p><strong>Le mus\u00e9e est temporairement ferm\u00e9<\/strong> en raison du renouvellement de nos expositions. Nous vous remercions pour votre compr\u00e9hension.<\/p>\n<p>L&rsquo;administration du Centre est ouverte du <strong>lundi au vendredi de 8h30 \u00e0 12h00 et de 14h00 \u00e0 18h00<\/strong>.<\/p>\n<p>La location de salles et l&rsquo;h\u00e9bergement collectif sont toujours possible pour l&rsquo;organisation de vos \u00e9v\u00e8nements et manifestations. N&rsquo;h\u00e9sitez pas \u00e0 prendre contact!<\/p>\n<\/div>\n","protected":false},"excerpt":{"rendered":"<p>Horaires et informations Coordonn\u00e9es Centre Mondial de la Paix des Libert\u00e9s et des Droits de l&rsquo;Homme Place Monseigneur Ginisty B.P. 10183 55105 VERDUN Cedex T\u00e9l. +33 (0) 3 29 86 55 00 Coordonn\u00e9es GPS (Lat x Long) : 49.158779000, 5.380270000 Horaires d\u2019ouverture Le mus\u00e9e est temporairement ferm\u00e9 en raison du  [&#8230;]<\/p>\n","protected":false},"author":1,"featured_media":0,"parent":0,"menu_order":0,"comment_status":"closed","ping_status":"closed","template":"100-width.php","meta":{"ngg_post_thumbnail":0,"footnotes":""},"class_list":["post-3734","page","type-page","status-publish","hentry"],"_links":{"self":[{"href":"http:\/\/cmpaix.eu\/fr\/wp-json\/wp\/v2\/pages\/3734","targetHints":{"allow":["GET"]}}],"collection":[{"href":"http:\/\/cmpaix.eu\/fr\/wp-json\/wp\/v2\/pages"}],"about":[{"href":"http:\/\/cmpaix.eu\/fr\/wp-json\/wp\/v2\/types\/page"}],"author":[{"embeddable":true,"href":"http:\/\/cmpaix.eu\/fr\/wp-json\/wp\/v2\/users\/1"}],"replies":[{"embeddable":true,"href":"http:\/\/cmpaix.eu\/fr\/wp-json\/wp\/v2\/comments?post=3734"}],"version-history":[{"count":165,"href":"http:\/\/cmpaix.eu\/fr\/wp-json\/wp\/v2\/pages\/3734\/revisions"}],"predecessor-version":[{"id":14849,"href":"http:\/\/cmpaix.eu\/fr\/wp-json\/wp\/v2\/pages\/3734\/revisions\/14849"}],"wp:attachment":[{"href":"http:\/\/cmpaix.eu\/fr\/wp-json\/wp\/v2\/media?parent=3734"}],"curies":[{"name":"wp","href":"https:\/\/api.w.org\/{rel}","templated":true}]}}

<div class="fusion-fullwidth fullwidth-box fusion-builder-row-1 hundred-percent-fullwidth non-hundred-percent-height-scrolling" style="--awb-border-radius-top-left:0px;--awb-border-radius-top-right:0px;--awb-border-radius-bottom-right:0px;--awb-border-radius-bottom-left:0px;--awb-overflow:visible;--awb-padding-right:30px;--awb-padding-left:30px;--awb-margin-top:-40px;--awb-background-color:rgba(255,255,255,0);--awb-flex-wrap:wrap;" ></div>
<div class="fusion-sep-clear"></div><div class="fusion-separator fusion-full-width-sep" style="margin-left: auto;margin-right: auto;margin-top:20px;margin-bottom:20px;width:100%;"></div><div class="fusion-sep-clear"></div>
<p class="fr-btn-bleu-clair text-white at-external-link-click">Horaires et informations</p>
<div class="fusion-sep-clear"></div><div class="fusion-separator fusion-full-width-sep" style="margin-left: auto;margin-right: auto;margin-top:-20px;margin-bottom:-20px;width:100%;"></div><div class="fusion-sep-clear"></div>
<div class="accueil_bg_orange shadow">
<div class="fusion-sep-clear"></div><div class="fusion-separator fusion-full-width-sep" style="margin-left: auto;margin-right: auto;margin-top:10px;margin-bottom:10px;width:100%;"></div><div class="fusion-sep-clear"></div>
<p><div class="fusion-fullwidth fullwidth-box fusion-builder-row-2 hundred-percent-fullwidth non-hundred-percent-height-scrolling" style="--awb-border-radius-top-left:0px;--awb-border-radius-top-right:0px;--awb-border-radius-bottom-right:0px;--awb-border-radius-bottom-left:0px;--awb-overflow:visible;--awb-padding-right:30px;--awb-padding-left:30px;--awb-flex-wrap:wrap;" ></div><div class="fusion-builder-row fusion-row"></div><div class="fusion-layout-column fusion_builder_column fusion-builder-column-0 fusion_builder_column_1_3 1_3 fusion-one-third fusion-column-first" style="--awb-bg-size:cover;width:30.6666%; margin-right: 4%;"><div class="fusion-column-wrapper fusion-flex-column-wrapper-legacy"><div class="fusion-clearfix"></div></div></div></p>
<h2>Coordonnées</h2>
<p>Centre Mondial de la Paix<br />
des Libertés et des Droits de l&rsquo;Homme</p>
<p>Place Monseigneur Ginisty B.P. 10183<br />
55105 VERDUN Cedex<br />
Tél. +33 (0) 3 29 86 55 00</p>
<p>Coordonnées GPS (Lat x Long) :<br />
49.158779000, 5.380270000</p>
<p><div class="fusion-fullwidth fullwidth-box fusion-builder-row-3 hundred-percent-fullwidth non-hundred-percent-height-scrolling" style="--awb-border-radius-top-left:0px;--awb-border-radius-top-right:0px;--awb-border-radius-bottom-right:0px;--awb-border-radius-bottom-left:0px;--awb-overflow:visible;--awb-padding-right:30px;--awb-padding-left:30px;--awb-flex-wrap:wrap;" ></div><div class="fusion-builder-row fusion-row"></div><div class="fusion-layout-column fusion_builder_column fusion-builder-column-1 fusion_builder_column_1_3 1_3 fusion-one-third fusion-column-first" style="--awb-bg-size:cover;width:30.6666%; margin-right: 4%;"><div class="fusion-column-wrapper fusion-flex-column-wrapper-legacy"><div class="fusion-clearfix"></div></div></div></p>
<h2>Horaires d’ouverture</h2>
<p><strong>Le musée est temporairement fermé</strong> en raison du renouvellement de nos expositions. Nous vous remercions pour votre compréhension.</p>
<p>L&rsquo;administration du Centre est ouverte du <strong>lundi au vendredi de 8h30 à 12h00 et de 14h00 à 18h00</strong>.</p>
<p>La location de salles et l&rsquo;hébergement collectif sont toujours possible pour l&rsquo;organisation de vos évènements et manifestations. N&rsquo;hésitez pas à prendre contact!</p>
</div>

<p>Horaires et informations Coordonnées Centre Mondial de la Paix des Libertés et des Droits de l&rsquo;Homme Place Monseigneur Ginisty B.P. 10183 55105 VERDUN Cedex Tél. +33 (0) 3 29 86 55 00 Coordonnées GPS (Lat x Long) : 49.158779000, 5.380270000 Horaires d’ouverture Le musée est temporairement fermé en raison du  [&#8230;]</p>
