{"id":4562,"date":"2013-05-10T16:33:18","date_gmt":"2013-05-10T15:33:18","guid":{"rendered":"http:\/\/cmpaix.eu\/fr\/?page_id=4562"},"modified":"2022-11-21T17:50:07","modified_gmt":"2022-11-21T15:50:07","slug":"mentions-legales","status":"publish","type":"page","link":"http:\/\/cmpaix.eu\/fr\/mentions-legales\/","title":{"rendered":"Mentions l\u00e9gales"},"content":{"rendered":"<div class=\"fusion-fullwidth fullwidth-box fusion-builder-row-1 hundred-percent-fullwidth non-hundred-percent-height-scrolling\" style=\"--awb-border-radius-top-left:0px;--awb-border-radius-top-right:0px;--awb-border-radius-bottom-right:0px;--awb-border-radius-bottom-left:0px;--awb-overflow:visible;--awb-padding-right:30px;--awb-padding-left:30px;--awb-flex-wrap:wrap;\" ><\/p>\n<p class=\"fr-btn-bleu-fonce text-white at-external-link-click\">>> Mentions l\u00e9gales<\/p>\n<div class=\"fusion-sep-clear\"><\/div><div class=\"fusion-separator fusion-full-width-sep\" style=\"margin-left: auto;margin-right: auto;margin-top:-20px;margin-bottom:-20px;width:100%;\"><\/div><div class=\"fusion-sep-clear\"><\/div>\n<div class=\"accueil_bg_orange shadow\">\n<div class=\"fusion-sep-clear\"><\/div><div class=\"fusion-separator fusion-full-width-sep\" style=\"margin-left: auto;margin-right: auto;margin-top:10px;margin-bottom:10px;width:100%;\"><\/div><div class=\"fusion-sep-clear\"><\/div>\n<p>Conform\u00e9ment \u00e0 la Loi N\u00b078-17 du 6 janvier 1978 relative \u00e0 l\u2019informatique, aux fichiers et aux libert\u00e9s, vous disposez d\u2019un droit d\u2019acc\u00e8s, de modifications, de rectifications et de suppression des donn\u00e9es qui vous concernent.<\/p>\n<p>Pour l\u2019exercer, adressez-vous \u00e0 :<\/p>\n<p><strong>Centre Mondial de la Paix<\/strong><br \/>\nPlace Mgr Ginisty<br \/>\nBP 10183<br \/>\n55105 Verdun Cedex<br \/>\nt\u00e9l\u00e9phone : 03 29 86 55 00<br \/>\ne-mail : contact@cmpaix.eu<br \/>\nwww.cmpaix.eu<\/p>\n<p>Directeur de la publication : <strong>Philippe HANSCH<\/strong><\/p>\n<p>H\u00e9bergement : <strong>OVH<\/strong><\/p>\n<p><strong>Traitement et protection des donn\u00e9es<\/strong><br \/>\n\u2022 Les donn\u00e9es personnelles recueillies sur le site r\u00e9sultent de la communication volontaire d&rsquo;une adresse de courrier \u00e9lectronique lors de l&rsquo;envoi d&rsquo;un formulaire.<br \/>\nLes adresses E-mail ainsi recueillies ne servent qu\u2019\u00e0 transmettre les \u00e9l\u00e9ments d\u2019information demand\u00e9s.<br \/>\n\u2022 Les adresses \u00e9lectroniques collect\u00e9es ne feront l\u2019objet d\u2019aucune cession \u00e0 des tiers.<br \/>\n\u2022 La loi \u00ab\u00a0Informatique et Libert\u00e9s\u00a0\u00bb du 6 janvier 1978 modifi\u00e9e par la loi du 6 ao\u00fbt 2004 encadre la mise en oeuvre des fichiers ou des traitements de donn\u00e9es \u00e0 caract\u00e8re personnel qu&rsquo;ils soient automatis\u00e9s ou manuels.<br \/>\nVous disposez d&rsquo;un droit d&rsquo;acc\u00e8s, de modification, de rectification et de suppression des donn\u00e9es qui vous concernent (art. 34 de la loi \u00ab\u00a0Informatique et Libert\u00e9s\u00a0\u00bb).<br \/>\nVous pouvez l&rsquo;exercer par mail en le pr\u00e9cisant \u00e0 contact@cmpaix.eu<\/p>\n<\/div>\n<p><\/div>\n","protected":false},"excerpt":{"rendered":"","protected":false},"author":1,"featured_media":0,"parent":0,"menu_order":0,"comment_status":"closed","ping_status":"closed","template":"100-width.php","meta":{"ngg_post_thumbnail":0,"footnotes":""},"class_list":["post-4562","page","type-page","status-publish","hentry"],"_links":{"self":[{"href":"http:\/\/cmpaix.eu\/fr\/wp-json\/wp\/v2\/pages\/4562","targetHints":{"allow":["GET"]}}],"collection":[{"href":"http:\/\/cmpaix.eu\/fr\/wp-json\/wp\/v2\/pages"}],"about":[{"href":"http:\/\/cmpaix.eu\/fr\/wp-json\/wp\/v2\/types\/page"}],"author":[{"embeddable":true,"href":"http:\/\/cmpaix.eu\/fr\/wp-json\/wp\/v2\/users\/1"}],"replies":[{"embeddable":true,"href":"http:\/\/cmpaix.eu\/fr\/wp-json\/wp\/v2\/comments?post=4562"}],"version-history":[{"count":50,"href":"http:\/\/cmpaix.eu\/fr\/wp-json\/wp\/v2\/pages\/4562\/revisions"}],"predecessor-version":[{"id":11131,"href":"http:\/\/cmpaix.eu\/fr\/wp-json\/wp\/v2\/pages\/4562\/revisions\/11131"}],"wp:attachment":[{"href":"http:\/\/cmpaix.eu\/fr\/wp-json\/wp\/v2\/media?parent=4562"}],"curies":[{"name":"wp","href":"https:\/\/api.w.org\/{rel}","templated":true}]}}

Mentions légales

<div class="fusion-fullwidth fullwidth-box fusion-builder-row-1 hundred-percent-fullwidth non-hundred-percent-height-scrolling" style="--awb-border-radius-top-left:0px;--awb-border-radius-top-right:0px;--awb-border-radius-bottom-right:0px;--awb-border-radius-bottom-left:0px;--awb-overflow:visible;--awb-padding-right:30px;--awb-padding-left:30px;--awb-flex-wrap:wrap;" ></p>
<p class="fr-btn-bleu-fonce text-white at-external-link-click">>> Mentions légales</p>
<div class="fusion-sep-clear"></div><div class="fusion-separator fusion-full-width-sep" style="margin-left: auto;margin-right: auto;margin-top:-20px;margin-bottom:-20px;width:100%;"></div><div class="fusion-sep-clear"></div>
<div class="accueil_bg_orange shadow">
<div class="fusion-sep-clear"></div><div class="fusion-separator fusion-full-width-sep" style="margin-left: auto;margin-right: auto;margin-top:10px;margin-bottom:10px;width:100%;"></div><div class="fusion-sep-clear"></div>
<p>Conformément à la Loi N°78-17 du 6 janvier 1978 relative à l’informatique, aux fichiers et aux libertés, vous disposez d’un droit d’accès, de modifications, de rectifications et de suppression des données qui vous concernent.</p>
<p>Pour l’exercer, adressez-vous à :</p>
<p><strong>Centre Mondial de la Paix</strong><br />
Place Mgr Ginisty<br />
BP 10183<br />
55105 Verdun Cedex<br />
téléphone : 03 29 86 55 00<br />
e-mail : contact@cmpaix.eu<br />
www.cmpaix.eu</p>
<p>Directeur de la publication : <strong>Philippe HANSCH</strong></p>
<p>Hébergement : <strong>OVH</strong></p>
<p><strong>Traitement et protection des données</strong><br />
• Les données personnelles recueillies sur le site résultent de la communication volontaire d&rsquo;une adresse de courrier électronique lors de l&rsquo;envoi d&rsquo;un formulaire.<br />
Les adresses E-mail ainsi recueillies ne servent qu’à transmettre les éléments d’information demandés.<br />
• Les adresses électroniques collectées ne feront l’objet d’aucune cession à des tiers.<br />
• La loi « Informatique et Libertés » du 6 janvier 1978 modifiée par la loi du 6 août 2004 encadre la mise en oeuvre des fichiers ou des traitements de données à caractère personnel qu&rsquo;ils soient automatisés ou manuels.<br />
Vous disposez d&rsquo;un droit d&rsquo;accès, de modification, de rectification et de suppression des données qui vous concernent (art. 34 de la loi « Informatique et Libertés »).<br />
Vous pouvez l&rsquo;exercer par mail en le précisant à contact@cmpaix.eu</p>
</div>
<p></div>
