{"id":8170,"date":"2016-09-27T15:44:06","date_gmt":"2016-09-27T13:44:06","guid":{"rendered":"http:\/\/cmpaix.eu\/fr\/?page_id=8170"},"modified":"2025-11-19T14:53:24","modified_gmt":"2025-11-19T12:53:24","slug":"hebergement","status":"publish","type":"page","link":"http:\/\/cmpaix.eu\/fr\/hebergement\/","title":{"rendered":"H\u00e9bergement"},"content":{"rendered":"<div class=\"fusion-fullwidth fullwidth-box fusion-builder-row-1 hundred-percent-fullwidth non-hundred-percent-height-scrolling\" style=\"--awb-border-radius-top-left:0px;--awb-border-radius-top-right:0px;--awb-border-radius-bottom-right:0px;--awb-border-radius-bottom-left:0px;--awb-overflow:visible;--awb-padding-right:30px;--awb-padding-left:30px;--awb-flex-wrap:wrap;\" ><div class=\"fusion-builder-row fusion-row\"><div class=\"fusion-layout-column fusion_builder_column fusion-builder-column-0 fusion_builder_column_2_3 2_3 fusion-two-third fusion-column-first\" style=\"--awb-bg-size:cover;width:66.666666666667%;width:calc(66.666666666667% - ( ( 4% ) * 0.66666666666667 ) );margin-right: 4%;\"><div class=\"fusion-column-wrapper fusion-flex-column-wrapper-legacy\">\n<div class=\"some-text shadow\"><div id=\"metaslider-id-10107\" style=\"width: 100%;\" class=\"ml-slider-3-99-0 metaslider metaslider-flex metaslider-10107 ml-slider ms-theme-default\" role=\"region\" aria-label=\"Slide-hebergement\" data-width=\"600\">\n    <div id=\"metaslider_container_10107\">\n        <div id=\"metaslider_10107\">\n            <ul class='slides'>\n                <li style=\"display: block; width: 100%;\" class=\"slide-10108 ms-image \" aria-roledescription=\"slide\" data-date=\"2021-09-21 14:22:29\"><img decoding=\"async\" src=\"data:image\/svg+xml,%3Csvg%20xmlns%3D%27http%3A%2F%2Fwww.w3.org%2F2000%2Fsvg%27%20width%3D%27600%27%20height%3D%27400%27%20viewBox%3D%270%200%20600%20400%27%3E%3Crect%20width%3D%27600%27%20height%3D%27400%27%20fill-opacity%3D%220%22%2F%3E%3C%2Fsvg%3E\" data-orig-src=\"http:\/\/cmpaix.eu\/fr\/wp-content\/uploads\/2016\/09\/hebergement6.jpg\" height=\"400\" width=\"600\" alt=\"\" class=\"lazyload slider-10107 slide-10108 msDefaultImage\" \/><\/li>\n                <li style=\"display: none; width: 100%;\" class=\"slide-10112 ms-image \" aria-roledescription=\"slide\" data-date=\"2021-09-21 14:22:30\"><img decoding=\"async\" src=\"data:image\/svg+xml,%3Csvg%20xmlns%3D%27http%3A%2F%2Fwww.w3.org%2F2000%2Fsvg%27%20width%3D%27600%27%20height%3D%27400%27%20viewBox%3D%270%200%20600%20400%27%3E%3Crect%20width%3D%27600%27%20height%3D%27400%27%20fill-opacity%3D%220%22%2F%3E%3C%2Fsvg%3E\" data-orig-src=\"http:\/\/cmpaix.eu\/fr\/wp-content\/uploads\/2016\/09\/hebergement1.jpg\" height=\"400\" width=\"600\" alt=\"\" class=\"lazyload slider-10107 slide-10112 msDefaultImage\" \/><\/li>\n                <li style=\"display: none; width: 100%;\" class=\"slide-10111 ms-image \" aria-roledescription=\"slide\" data-date=\"2021-09-21 14:22:30\"><img decoding=\"async\" src=\"data:image\/svg+xml,%3Csvg%20xmlns%3D%27http%3A%2F%2Fwww.w3.org%2F2000%2Fsvg%27%20width%3D%27600%27%20height%3D%27400%27%20viewBox%3D%270%200%20600%20400%27%3E%3Crect%20width%3D%27600%27%20height%3D%27400%27%20fill-opacity%3D%220%22%2F%3E%3C%2Fsvg%3E\" data-orig-src=\"http:\/\/cmpaix.eu\/fr\/wp-content\/uploads\/2016\/09\/hebergement3.jpg\" height=\"400\" width=\"600\" alt=\"\" class=\"lazyload slider-10107 slide-10111 msDefaultImage\" \/><\/li>\n                <li style=\"display: none; width: 100%;\" class=\"slide-10110 ms-image \" aria-roledescription=\"slide\" data-date=\"2021-09-21 14:22:30\"><img decoding=\"async\" src=\"data:image\/svg+xml,%3Csvg%20xmlns%3D%27http%3A%2F%2Fwww.w3.org%2F2000%2Fsvg%27%20width%3D%27600%27%20height%3D%27400%27%20viewBox%3D%270%200%20600%20400%27%3E%3Crect%20width%3D%27600%27%20height%3D%27400%27%20fill-opacity%3D%220%22%2F%3E%3C%2Fsvg%3E\" data-orig-src=\"http:\/\/cmpaix.eu\/fr\/wp-content\/uploads\/2016\/09\/hebergement4.jpg\" height=\"400\" width=\"600\" alt=\"\" class=\"lazyload slider-10107 slide-10110 msDefaultImage\" \/><\/li>\n                <li style=\"display: none; width: 100%;\" class=\"slide-10109 ms-image \" aria-roledescription=\"slide\" data-date=\"2021-09-21 14:22:29\"><img decoding=\"async\" src=\"data:image\/svg+xml,%3Csvg%20xmlns%3D%27http%3A%2F%2Fwww.w3.org%2F2000%2Fsvg%27%20width%3D%27600%27%20height%3D%27400%27%20viewBox%3D%270%200%20600%20400%27%3E%3Crect%20width%3D%27600%27%20height%3D%27400%27%20fill-opacity%3D%220%22%2F%3E%3C%2Fsvg%3E\" data-orig-src=\"http:\/\/cmpaix.eu\/fr\/wp-content\/uploads\/2016\/09\/hebergement5.jpg\" height=\"400\" width=\"600\" alt=\"\" class=\"lazyload slider-10107 slide-10109 msDefaultImage\" \/><\/li>\n            <\/ul>\n        <\/div>\n        \n    <\/div>\n<\/div><\/div>\n<div class=\"fusion-sep-clear\"><\/div><div class=\"fusion-separator fusion-full-width-sep\" style=\"margin-left: auto;margin-right: auto;margin-top:10px;margin-bottom:10px;width:100%;\"><\/div><div class=\"fusion-sep-clear\"><\/div>\n<div class=\"shadow\">\n<div class=\"fusion-reading-box-container reading-box-container-1\" style=\"--awb-title-color:#333333;--awb-margin-top:0px;--awb-margin-bottom:84px;\"><div class=\"reading-box\" style=\"background-color:#f6f6f6;border-width:0px;border-color:#f6f6f6;border-left-width:3px;border-left-color:var(--primary_color);border-style:solid;\"><h2>P\u00f4le H\u00e9bergement Collectif<\/h2><div class=\"reading-box-additional fusion-reading-box-additional\">\n<p style=\"text-align: justify;\">Le <strong>Centre Mondial de la Paix, des libert\u00e9s et des droits de l\u2019Homme<\/strong> \u00e0 Verdun vous ouvre les portes de son <strong>P\u00f4le H\u00e9bergement Collectif<\/strong> ! Que vous organisiez un <strong>voyage scolaire, un s\u00e9jour \u00e9ducatif ou organisateur de s\u00e9minaire<\/strong>, profitez d\u2019un cadre unique, propice aux \u00e9changes et \u00e0 la r\u00e9flexion.<\/p>\n<p><strong>Un h\u00e9bergement adapt\u00e9 aux groupes<\/strong><\/p>\n<ul>\n<li><strong>16 chambres \u2013 56 lits<\/strong><\/li>\n<li>Confort et convivialit\u00e9 au c\u0153ur de Verdun<\/li>\n<li>Un compl\u00e9ment id\u00e9al \u00e0 nos salles de r\u00e9ception et espaces de travail<\/li>\n<\/ul>\n<p style=\"text-align: justify;\"><strong>Un lieu au service de l\u2019histoire et de la citoyennet\u00e9<\/strong><br \/>\nDepuis 1989, le Centre Mondial de la Paix est un lieu d\u00e9di\u00e9 au dialogue, \u00e0 la m\u00e9moire et \u00e0 la transmission. En s\u00e9journant sur place, vous b\u00e9n\u00e9ficiez d\u2019un cadre privil\u00e9gi\u00e9 pour approfondir vos th\u00e9matiques de visite.<\/p>\n<p>\u2139\ufe0f <strong>Informations pratiques<\/strong><\/p>\n<ul>\n<li><strong>Sur r\u00e9servation uniquement<\/strong><\/li>\n<li><strong>Devis personnalis\u00e9 selon votre projet<\/strong><\/li>\n<\/ul>\n<p><strong>Planifiez d\u00e8s maintenant votre s\u00e9jour !<\/strong><br \/>\nPour toute demande d\u2019information ou de devis, contactez nous d\u00e8s aujourd\u2019hui.<\/p>\n<p><a href=\"mailto:contact@cmpaix.eu\">contact@cmpaix.eu<\/a><\/p>\n<p>+33 (0) 3 29 86 55 00<\/p>\n<p>\u00c0 tr\u00e8s bient\u00f4t \u00e0 Verdun !<\/p>\n<p>L\u2019\u00e9quipe du Centre Mondial de la Paix, des libert\u00e9s et des droits de l\u2019Homme<\/p>\n<\/div><div class=\"fusion-clearfix\"><\/div><\/div><\/div>\n<\/div>\n<div class=\"fusion-sep-clear\"><\/div><div class=\"fusion-separator fusion-full-width-sep\" style=\"margin-left: auto;margin-right: auto;margin-top:-50px;margin-bottom:-50px;width:100%;\"><\/div><div class=\"fusion-sep-clear\"><\/div>\n<div class=\"fusion-sep-clear\"><\/div><div class=\"fusion-separator fusion-full-width-sep\" style=\"margin-left: auto;margin-right: auto;margin-top:10px;margin-bottom:10px;width:100%;\"><\/div><div class=\"fusion-sep-clear\"><\/div>\n<div class=\"shadow\">\n<table class=\"devicewidth\" border=\"0\" width=\"600\" cellspacing=\"0\" cellpadding=\"0\" align=\"center\" bgcolor=\"#ffffff\">\n<tbody><!-- Spacing --><\/p>\n<tr>\n<td class=\"padding-top15\" style=\"font-family: Helvetica, arial, sans-serif; font-size: 15px; color: #ff7617; line-height: 5px;\" align=\"center\" width=\"20%\" height=\"60\"><strong>Offre 1<\/strong><\/p>\n<p>Nuit Gourmande<\/td>\n<td class=\"padding-top15\" style=\"font-family: Helvetica, arial, sans-serif; font-size: 15px; color: #ffffff; line-height: 20px;\" align=\"center\" bgcolor=\"#ff7617\" width=\"80%\" height=\"60\"><strong>Nuit\u00e9e \/ Petit- d\u00e9jeuner buffet<\/strong><\/p>\n<p>A partir de 1584 \u20ac*<br \/>\n<span style=\"font-style: italic; font-size: 12px;\">* Tarif susceptible de modification<\/span><\/td>\n<\/tr>\n<tr>\n<td class=\"padding-top15\" style=\"font-family: Helvetica, arial, sans-serif; font-size: 15px; color: #ff7617; line-height: 5px; vertical-align: middle;\" align=\"center\" width=\"20%\" height=\"20\">&nbsp;<\/td>\n<td class=\"padding-top15\" style=\"font-family: Helvetica, arial, sans-serif; font-size: 11px; color: #00000; line-height: 20px; vertical-align: middle;\" align=\"center\" bgcolor=\"#FFFFFF\" width=\"80%\" height=\"20\"><em>(Pour un groupe de 56 personnes &#8211; Petit-d\u00e9jeuner buffet (oeufs, c\u00e9r\u00e9\u00e9ales, laitages, charcuterie, fromages\u2026) &#8211; H\u00e9bergement en chambres collectives de 2 \u00e0 7 lits,<br \/>\ndraps fournis.)<\/em><\/td>\n<\/tr>\n<tr>\n<td class=\"padding-top15\" style=\"font-family: Helvetica, arial, sans-serif; font-size: 15px; color: #ff7617; line-height: 5px;\" align=\"center\" height=\"20\">&nbsp;<\/td>\n<td class=\"padding-top15\" style=\"font-family: Helvetica, arial, sans-serif; font-size: 11px; color: #00000; line-height: 20px;\" align=\"center\" bgcolor=\"#FFFFFF\" height=\"20\">&nbsp;<\/td>\n<\/tr>\n<tr>\n<td class=\"padding-top15\" style=\"font-family: Helvetica, arial, sans-serif; font-size: 15px; color: #cc071d; line-height: 5px;\" align=\"center\" width=\"20%\" height=\"75\"><strong>Offre 2<\/strong><\/p>\n<p>Pension compl\u00e8te<\/td>\n<td class=\"padding-top15\" style=\"font-family: Helvetica, arial, sans-serif; font-size: 15px; color: #ffffff; line-height: 20px;\" align=\"center\" bgcolor=\"#cc071d\" width=\"80%\" height=\"75\"><strong>Petit-d\u00e9jeuner simple \/ panier repas \/ d\u00eener <\/strong><\/p>\n<p>A partir de 2396 \u20ac*<br \/>\n<span style=\"font-style: italic; font-size: 12px;\">* Tarif susceptible de modification<\/span><\/td>\n<\/tr>\n<tr>\n<td class=\"padding-top15\" style=\"font-family: Helvetica, arial, sans-serif; font-size: 15px; color: #ff7617; line-height: 5px;\" align=\"center\" width=\"20%\" height=\"20\">&nbsp;<\/td>\n<td class=\"padding-top15\" style=\"font-family: Helvetica, arial, sans-serif; font-size: 11px; color: #00000; line-height: 20px;\" align=\"center\" bgcolor=\"#FFFFFF\" width=\"80%\" height=\"20\"><em>(Pour un groupe de 56 personnes &#8211; Petit-d\u00e9jeuner simple \u2013 panier repas &#8211; d\u00eener &#8211; H\u00e9bergement en chambres collectives de 2 \u00e0 7 lits, draps fournis.)<\/em><\/td>\n<\/tr>\n<tr>\n<td class=\"padding-top15\" style=\"font-family: Helvetica, arial, sans-serif; font-size: 15px; color: #ff7617; line-height: 5px;\" align=\"center\" height=\"20\">&nbsp;<\/td>\n<td class=\"padding-top15\" style=\"font-family: Helvetica, arial, sans-serif; font-size: 11px; color: #00000; line-height: 20px;\" align=\"center\" bgcolor=\"#FFFFFF\" height=\"20\">&nbsp;<\/td>\n<\/tr>\n<tr>\n<td class=\"padding-top15\" style=\"font-family: Helvetica, arial, sans-serif; font-size: 15px; color: #ff7617; line-height: 5px;\" align=\"center\" height=\"20\">&nbsp;<\/td>\n<td class=\"padding-top15\" style=\"font-family: Helvetica, arial, sans-serif; font-size: 11px; color: #00000; line-height: 20px;\" align=\"center\" bgcolor=\"#FFFFFF\" height=\"20\">&nbsp;<\/td>\n<\/tr>\n<\/tbody>\n<\/table>\n<\/div>\n<div class=\"fusion-clearfix\"><\/div><\/div><\/div>\n<div class=\"fusion-layout-column fusion_builder_column fusion-builder-column-1 fusion_builder_column_1_3 1_3 fusion-one-third fusion-column-last\" style=\"--awb-bg-size:cover;width:33.333333333333%;width:calc(33.333333333333% - ( ( 4% ) * 0.33333333333333 ) );\"><div class=\"fusion-column-wrapper fusion-flex-column-wrapper-legacy\">\n<div class=\"fusion-sep-clear\"><\/div><div class=\"fusion-separator fusion-full-width-sep\" style=\"margin-left: auto;margin-right: auto;margin-top:30px;margin-bottom:30px;width:100%;\"><\/div><div class=\"fusion-sep-clear\"><\/div>\n<h2>Nous contacter<\/h2>\n<p>Centre Mondial de la Paix<br \/>\ndes Libert\u00e9s et des Droits de l&rsquo;Homme<\/p>\n<p>Place Monseigneur Ginisty B.P. 10183<br \/>\n55105 VERDUN Cedex<br \/>\nT\u00e9l. +33 (0) 3 29 86 55 00<br \/>\ncontact@cmpaix.eu<div class=\"fusion-clearfix\"><\/div><\/div><\/div><\/div><\/div>\n","protected":false},"excerpt":{"rendered":"","protected":false},"author":1,"featured_media":0,"parent":0,"menu_order":0,"comment_status":"closed","ping_status":"closed","template":"100-width.php","meta":{"ngg_post_thumbnail":0,"footnotes":""},"class_list":["post-8170","page","type-page","status-publish","hentry"],"_links":{"self":[{"href":"http:\/\/cmpaix.eu\/fr\/wp-json\/wp\/v2\/pages\/8170","targetHints":{"allow":["GET"]}}],"collection":[{"href":"http:\/\/cmpaix.eu\/fr\/wp-json\/wp\/v2\/pages"}],"about":[{"href":"http:\/\/cmpaix.eu\/fr\/wp-json\/wp\/v2\/types\/page"}],"author":[{"embeddable":true,"href":"http:\/\/cmpaix.eu\/fr\/wp-json\/wp\/v2\/users\/1"}],"replies":[{"embeddable":true,"href":"http:\/\/cmpaix.eu\/fr\/wp-json\/wp\/v2\/comments?post=8170"}],"version-history":[{"count":49,"href":"http:\/\/cmpaix.eu\/fr\/wp-json\/wp\/v2\/pages\/8170\/revisions"}],"predecessor-version":[{"id":15151,"href":"http:\/\/cmpaix.eu\/fr\/wp-json\/wp\/v2\/pages\/8170\/revisions\/15151"}],"wp:attachment":[{"href":"http:\/\/cmpaix.eu\/fr\/wp-json\/wp\/v2\/media?parent=8170"}],"curies":[{"name":"wp","href":"https:\/\/api.w.org\/{rel}","templated":true}]}}

Hébergement

<div class="fusion-fullwidth fullwidth-box fusion-builder-row-1 hundred-percent-fullwidth non-hundred-percent-height-scrolling" style="--awb-border-radius-top-left:0px;--awb-border-radius-top-right:0px;--awb-border-radius-bottom-right:0px;--awb-border-radius-bottom-left:0px;--awb-overflow:visible;--awb-padding-right:30px;--awb-padding-left:30px;--awb-flex-wrap:wrap;" ><div class="fusion-builder-row fusion-row"><div class="fusion-layout-column fusion_builder_column fusion-builder-column-0 fusion_builder_column_2_3 2_3 fusion-two-third fusion-column-first" style="--awb-bg-size:cover;width:66.666666666667%;width:calc(66.666666666667% - ( ( 4% ) * 0.66666666666667 ) );margin-right: 4%;"><div class="fusion-column-wrapper fusion-flex-column-wrapper-legacy">
<div class="some-text shadow"><div id="metaslider-id-10107" style="width: 100%;" class="ml-slider-3-99-0 metaslider metaslider-flex metaslider-10107 ml-slider ms-theme-default" role="region" aria-label="Slide-hebergement" data-width="600">
    <div id="metaslider_container_10107">
        <div id="metaslider_10107">
            <ul class='slides'>
                <li style="display: block; width: 100%;" class="slide-10108 ms-image " aria-roledescription="slide" data-date="2021-09-21 14:22:29"><img decoding="async" src="data:image/svg+xml,%3Csvg%20xmlns%3D%27http%3A%2F%2Fwww.w3.org%2F2000%2Fsvg%27%20width%3D%27600%27%20height%3D%27400%27%20viewBox%3D%270%200%20600%20400%27%3E%3Crect%20width%3D%27600%27%20height%3D%27400%27%20fill-opacity%3D%220%22%2F%3E%3C%2Fsvg%3E" data-orig-src="http://cmpaix.eu/fr/wp-content/uploads/2016/09/hebergement6.jpg" height="400" width="600" alt="" class="lazyload slider-10107 slide-10108 msDefaultImage" /></li>
                <li style="display: none; width: 100%;" class="slide-10112 ms-image " aria-roledescription="slide" data-date="2021-09-21 14:22:30"><img decoding="async" src="data:image/svg+xml,%3Csvg%20xmlns%3D%27http%3A%2F%2Fwww.w3.org%2F2000%2Fsvg%27%20width%3D%27600%27%20height%3D%27400%27%20viewBox%3D%270%200%20600%20400%27%3E%3Crect%20width%3D%27600%27%20height%3D%27400%27%20fill-opacity%3D%220%22%2F%3E%3C%2Fsvg%3E" data-orig-src="http://cmpaix.eu/fr/wp-content/uploads/2016/09/hebergement1.jpg" height="400" width="600" alt="" class="lazyload slider-10107 slide-10112 msDefaultImage" /></li>
                <li style="display: none; width: 100%;" class="slide-10111 ms-image " aria-roledescription="slide" data-date="2021-09-21 14:22:30"><img decoding="async" src="data:image/svg+xml,%3Csvg%20xmlns%3D%27http%3A%2F%2Fwww.w3.org%2F2000%2Fsvg%27%20width%3D%27600%27%20height%3D%27400%27%20viewBox%3D%270%200%20600%20400%27%3E%3Crect%20width%3D%27600%27%20height%3D%27400%27%20fill-opacity%3D%220%22%2F%3E%3C%2Fsvg%3E" data-orig-src="http://cmpaix.eu/fr/wp-content/uploads/2016/09/hebergement3.jpg" height="400" width="600" alt="" class="lazyload slider-10107 slide-10111 msDefaultImage" /></li>
                <li style="display: none; width: 100%;" class="slide-10110 ms-image " aria-roledescription="slide" data-date="2021-09-21 14:22:30"><img decoding="async" src="data:image/svg+xml,%3Csvg%20xmlns%3D%27http%3A%2F%2Fwww.w3.org%2F2000%2Fsvg%27%20width%3D%27600%27%20height%3D%27400%27%20viewBox%3D%270%200%20600%20400%27%3E%3Crect%20width%3D%27600%27%20height%3D%27400%27%20fill-opacity%3D%220%22%2F%3E%3C%2Fsvg%3E" data-orig-src="http://cmpaix.eu/fr/wp-content/uploads/2016/09/hebergement4.jpg" height="400" width="600" alt="" class="lazyload slider-10107 slide-10110 msDefaultImage" /></li>
                <li style="display: none; width: 100%;" class="slide-10109 ms-image " aria-roledescription="slide" data-date="2021-09-21 14:22:29"><img decoding="async" src="data:image/svg+xml,%3Csvg%20xmlns%3D%27http%3A%2F%2Fwww.w3.org%2F2000%2Fsvg%27%20width%3D%27600%27%20height%3D%27400%27%20viewBox%3D%270%200%20600%20400%27%3E%3Crect%20width%3D%27600%27%20height%3D%27400%27%20fill-opacity%3D%220%22%2F%3E%3C%2Fsvg%3E" data-orig-src="http://cmpaix.eu/fr/wp-content/uploads/2016/09/hebergement5.jpg" height="400" width="600" alt="" class="lazyload slider-10107 slide-10109 msDefaultImage" /></li>
            </ul>
        </div>
        
    </div>
</div></div>
<div class="fusion-sep-clear"></div><div class="fusion-separator fusion-full-width-sep" style="margin-left: auto;margin-right: auto;margin-top:10px;margin-bottom:10px;width:100%;"></div><div class="fusion-sep-clear"></div>
<div class="shadow">
<div class="fusion-reading-box-container reading-box-container-1" style="--awb-title-color:#333333;--awb-margin-top:0px;--awb-margin-bottom:84px;"><div class="reading-box" style="background-color:#f6f6f6;border-width:0px;border-color:#f6f6f6;border-left-width:3px;border-left-color:var(--primary_color);border-style:solid;"><h2>Pôle Hébergement Collectif</h2><div class="reading-box-additional fusion-reading-box-additional">
<p style="text-align: justify;">Le <strong>Centre Mondial de la Paix, des libertés et des droits de l’Homme</strong> à Verdun vous ouvre les portes de son <strong>Pôle Hébergement Collectif</strong> ! Que vous organisiez un <strong>voyage scolaire, un séjour éducatif ou organisateur de séminaire</strong>, profitez d’un cadre unique, propice aux échanges et à la réflexion.</p>
<p><strong>Un hébergement adapté aux groupes</strong></p>
<ul>
<li><strong>16 chambres – 56 lits</strong></li>
<li>Confort et convivialité au cœur de Verdun</li>
<li>Un complément idéal à nos salles de réception et espaces de travail</li>
</ul>
<p style="text-align: justify;"><strong>Un lieu au service de l’histoire et de la citoyenneté</strong><br />
Depuis 1989, le Centre Mondial de la Paix est un lieu dédié au dialogue, à la mémoire et à la transmission. En séjournant sur place, vous bénéficiez d’un cadre privilégié pour approfondir vos thématiques de visite.</p>
<p>ℹ️ <strong>Informations pratiques</strong></p>
<ul>
<li><strong>Sur réservation uniquement</strong></li>
<li><strong>Devis personnalisé selon votre projet</strong></li>
</ul>
<p><strong>Planifiez dès maintenant votre séjour !</strong><br />
Pour toute demande d’information ou de devis, contactez nous dès aujourd’hui.</p>
<p><a href="mailto:contact@cmpaix.eu">contact@cmpaix.eu</a></p>
<p>+33 (0) 3 29 86 55 00</p>
<p>À très bientôt à Verdun !</p>
<p>L’équipe du Centre Mondial de la Paix, des libertés et des droits de l’Homme</p>
</div><div class="fusion-clearfix"></div></div></div>
</div>
<div class="fusion-sep-clear"></div><div class="fusion-separator fusion-full-width-sep" style="margin-left: auto;margin-right: auto;margin-top:-50px;margin-bottom:-50px;width:100%;"></div><div class="fusion-sep-clear"></div>
<div class="fusion-sep-clear"></div><div class="fusion-separator fusion-full-width-sep" style="margin-left: auto;margin-right: auto;margin-top:10px;margin-bottom:10px;width:100%;"></div><div class="fusion-sep-clear"></div>
<div class="shadow">
<table class="devicewidth" border="0" width="600" cellspacing="0" cellpadding="0" align="center" bgcolor="#ffffff">
<tbody><!-- Spacing --></p>
<tr>
<td class="padding-top15" style="font-family: Helvetica, arial, sans-serif; font-size: 15px; color: #ff7617; line-height: 5px;" align="center" width="20%" height="60"><strong>Offre 1</strong></p>
<p>Nuit Gourmande</td>
<td class="padding-top15" style="font-family: Helvetica, arial, sans-serif; font-size: 15px; color: #ffffff; line-height: 20px;" align="center" bgcolor="#ff7617" width="80%" height="60"><strong>Nuitée / Petit- déjeuner buffet</strong></p>
<p>A partir de 1584 €*<br />
<span style="font-style: italic; font-size: 12px;">* Tarif susceptible de modification</span></td>
</tr>
<tr>
<td class="padding-top15" style="font-family: Helvetica, arial, sans-serif; font-size: 15px; color: #ff7617; line-height: 5px; vertical-align: middle;" align="center" width="20%" height="20">&nbsp;</td>
<td class="padding-top15" style="font-family: Helvetica, arial, sans-serif; font-size: 11px; color: #00000; line-height: 20px; vertical-align: middle;" align="center" bgcolor="#FFFFFF" width="80%" height="20"><em>(Pour un groupe de 56 personnes &#8211; Petit-déjeuner buffet (oeufs, cérééales, laitages, charcuterie, fromages…) &#8211; Hébergement en chambres collectives de 2 à 7 lits,<br />
draps fournis.)</em></td>
</tr>
<tr>
<td class="padding-top15" style="font-family: Helvetica, arial, sans-serif; font-size: 15px; color: #ff7617; line-height: 5px;" align="center" height="20">&nbsp;</td>
<td class="padding-top15" style="font-family: Helvetica, arial, sans-serif; font-size: 11px; color: #00000; line-height: 20px;" align="center" bgcolor="#FFFFFF" height="20">&nbsp;</td>
</tr>
<tr>
<td class="padding-top15" style="font-family: Helvetica, arial, sans-serif; font-size: 15px; color: #cc071d; line-height: 5px;" align="center" width="20%" height="75"><strong>Offre 2</strong></p>
<p>Pension complète</td>
<td class="padding-top15" style="font-family: Helvetica, arial, sans-serif; font-size: 15px; color: #ffffff; line-height: 20px;" align="center" bgcolor="#cc071d" width="80%" height="75"><strong>Petit-déjeuner simple / panier repas / dîner </strong></p>
<p>A partir de 2396 €*<br />
<span style="font-style: italic; font-size: 12px;">* Tarif susceptible de modification</span></td>
</tr>
<tr>
<td class="padding-top15" style="font-family: Helvetica, arial, sans-serif; font-size: 15px; color: #ff7617; line-height: 5px;" align="center" width="20%" height="20">&nbsp;</td>
<td class="padding-top15" style="font-family: Helvetica, arial, sans-serif; font-size: 11px; color: #00000; line-height: 20px;" align="center" bgcolor="#FFFFFF" width="80%" height="20"><em>(Pour un groupe de 56 personnes &#8211; Petit-déjeuner simple – panier repas &#8211; dîner &#8211; Hébergement en chambres collectives de 2 à 7 lits, draps fournis.)</em></td>
</tr>
<tr>
<td class="padding-top15" style="font-family: Helvetica, arial, sans-serif; font-size: 15px; color: #ff7617; line-height: 5px;" align="center" height="20">&nbsp;</td>
<td class="padding-top15" style="font-family: Helvetica, arial, sans-serif; font-size: 11px; color: #00000; line-height: 20px;" align="center" bgcolor="#FFFFFF" height="20">&nbsp;</td>
</tr>
<tr>
<td class="padding-top15" style="font-family: Helvetica, arial, sans-serif; font-size: 15px; color: #ff7617; line-height: 5px;" align="center" height="20">&nbsp;</td>
<td class="padding-top15" style="font-family: Helvetica, arial, sans-serif; font-size: 11px; color: #00000; line-height: 20px;" align="center" bgcolor="#FFFFFF" height="20">&nbsp;</td>
</tr>
</tbody>
</table>
</div>
<div class="fusion-clearfix"></div></div></div>
<div class="fusion-layout-column fusion_builder_column fusion-builder-column-1 fusion_builder_column_1_3 1_3 fusion-one-third fusion-column-last" style="--awb-bg-size:cover;width:33.333333333333%;width:calc(33.333333333333% - ( ( 4% ) * 0.33333333333333 ) );"><div class="fusion-column-wrapper fusion-flex-column-wrapper-legacy">
<div class="fusion-sep-clear"></div><div class="fusion-separator fusion-full-width-sep" style="margin-left: auto;margin-right: auto;margin-top:30px;margin-bottom:30px;width:100%;"></div><div class="fusion-sep-clear"></div>
<h2>Nous contacter</h2>
<p>Centre Mondial de la Paix<br />
des Libertés et des Droits de l&rsquo;Homme</p>
<p>Place Monseigneur Ginisty B.P. 10183<br />
55105 VERDUN Cedex<br />
Tél. +33 (0) 3 29 86 55 00<br />
contact@cmpaix.eu<div class="fusion-clearfix"></div></div></div></div></div>
