{"id":14944,"date":"2025-07-04T17:56:28","date_gmt":"2025-07-04T15:56:28","guid":{"rendered":"https:\/\/cmpaix.eu\/fr\/?page_id=14944"},"modified":"2025-08-25T14:11:34","modified_gmt":"2025-08-25T12:11:34","slug":"la-chapelle","status":"publish","type":"page","link":"https:\/\/cmpaix.eu\/fr\/la-chapelle\/","title":{"rendered":"La Chapelle"},"content":{"rendered":"<section class=\"palais-section\">\n<h2>La Chapelle<\/h2>\n<p>\u00c0 l\u2019extr\u00e9mit\u00e9 de la grande galerie se trouve la chapelle, construite \u00e0 partir de 1774 par l\u2019architecte Andr\u00e9 Meury. Elle doit sa d\u00e9coration de style Louis XV \u00e0 Mgr Desnos.&nbsp;<\/p>\n<p><img decoding=\"async\" class=\"lazyload alignleft size-medium wp-image-15055\" src=\"http:\/\/cmpaix.eu\/fr\/wp-content\/uploads\/2025\/08\/illustration-8-240x300.png\" data-orig-src=\"http:\/\/cmpaix.eu\/fr\/wp-content\/uploads\/2025\/08\/illustration-8-240x300.png\" alt=\"\" width=\"240\" height=\"300\" srcset=\"data:image\/svg+xml,%3Csvg%20xmlns%3D%27http%3A%2F%2Fwww.w3.org%2F2000%2Fsvg%27%20width%3D%27240%27%20height%3D%27300%27%20viewBox%3D%270%200%20240%20300%27%3E%3Crect%20width%3D%27240%27%20height%3D%27300%27%20fill-opacity%3D%220%22%2F%3E%3C%2Fsvg%3E\" data-srcset=\"https:\/\/cmpaix.eu\/fr\/wp-content\/uploads\/2025\/08\/illustration-8-200x250.png 200w, https:\/\/cmpaix.eu\/fr\/wp-content\/uploads\/2025\/08\/illustration-8-240x300.png 240w, https:\/\/cmpaix.eu\/fr\/wp-content\/uploads\/2025\/08\/illustration-8-400x500.png 400w, https:\/\/cmpaix.eu\/fr\/wp-content\/uploads\/2025\/08\/illustration-8-600x751.png 600w, https:\/\/cmpaix.eu\/fr\/wp-content\/uploads\/2025\/08\/illustration-8-768x961.png 768w, https:\/\/cmpaix.eu\/fr\/wp-content\/uploads\/2025\/08\/illustration-8-800x1001.png 800w, https:\/\/cmpaix.eu\/fr\/wp-content\/uploads\/2025\/08\/illustration-8-818x1024.png 818w, https:\/\/cmpaix.eu\/fr\/wp-content\/uploads\/2025\/08\/illustration-8.png 900w\" data-sizes=\"auto\" data-orig-sizes=\"(max-width: 240px) 100vw, 240px\" \/><\/p>\n<p>Elle est orn\u00e9e de trois grandes toiles copi\u00e9es par Mansuy, repr\u00e9sentant Le Christ au jardin des oliviers, d\u2019apr\u00e8s Restout, La R\u00e9surrection, d\u2019apr\u00e8s Van Loo, et La Pr\u00e9sentation au Temple, d\u2019apr\u00e8s Jean Jouvenet.<\/p>\n<p><em>Chapelle du palais \u00e9piscopal de Verdun<\/em>, \u00e9tat actuel \u00a9 clich\u00e9 Nicolas Le Clerre<\/p>\n<div class=\"image-block\">\n<p><img decoding=\"async\" class=\"lazyload alignleft size-medium wp-image-15054\" src=\"http:\/\/cmpaix.eu\/fr\/wp-content\/uploads\/2025\/08\/illustration-7-225x300.jpg\" data-orig-src=\"http:\/\/cmpaix.eu\/fr\/wp-content\/uploads\/2025\/08\/illustration-7-225x300.jpg\" alt=\"\" width=\"225\" height=\"300\" srcset=\"data:image\/svg+xml,%3Csvg%20xmlns%3D%27http%3A%2F%2Fwww.w3.org%2F2000%2Fsvg%27%20width%3D%27225%27%20height%3D%27300%27%20viewBox%3D%270%200%20225%20300%27%3E%3Crect%20width%3D%27225%27%20height%3D%27300%27%20fill-opacity%3D%220%22%2F%3E%3C%2Fsvg%3E\" data-srcset=\"https:\/\/cmpaix.eu\/fr\/wp-content\/uploads\/2025\/08\/illustration-7-200x267.jpg 200w, https:\/\/cmpaix.eu\/fr\/wp-content\/uploads\/2025\/08\/illustration-7-225x300.jpg 225w, https:\/\/cmpaix.eu\/fr\/wp-content\/uploads\/2025\/08\/illustration-7-400x533.jpg 400w, https:\/\/cmpaix.eu\/fr\/wp-content\/uploads\/2025\/08\/illustration-7-600x800.jpg 600w, https:\/\/cmpaix.eu\/fr\/wp-content\/uploads\/2025\/08\/illustration-7-768x1024.jpg 768w, https:\/\/cmpaix.eu\/fr\/wp-content\/uploads\/2025\/08\/illustration-7-800x1067.jpg 800w, https:\/\/cmpaix.eu\/fr\/wp-content\/uploads\/2025\/08\/illustration-7-1152x1536.jpg 1152w, https:\/\/cmpaix.eu\/fr\/wp-content\/uploads\/2025\/08\/illustration-7-1200x1600.jpg 1200w, https:\/\/cmpaix.eu\/fr\/wp-content\/uploads\/2025\/08\/illustration-7-1536x2048.jpg 1536w, https:\/\/cmpaix.eu\/fr\/wp-content\/uploads\/2025\/08\/illustration-7-scaled.jpg 1920w\" data-sizes=\"auto\" data-orig-sizes=\"(max-width: 225px) 100vw, 225px\" \/><\/p>\n<h6>&nbsp;<\/h6>\n<h6>&nbsp;<\/h6>\n<h6>Voir les autres lieux<\/h6>\n<h6><a href=\"https:\/\/cmpaix.eu\/fr\/le-portail-place-monseigneur-ginisty\/\">Fa\u00e7ade c\u00f4t\u00e9 place<\/a> \/<a href=\"https:\/\/cmpaix.eu\/fr\/la-rotule\/\">La rotule<\/a> \/&nbsp;<a href=\"https:\/\/cmpaix.eu\/fr\/entree-de-la-cour\/\">la cour d\u2019honneur<\/a>&nbsp; \/&nbsp;<a href=\"https:\/\/cmpaix.eu\/fr\/la-marelle\/\">La Marelle<\/a> \/&nbsp;<a href=\"https:\/\/cmpaix.eu\/fr\/le-peristyle\/\">Le p\u00e9ristyle<\/a> \/&nbsp;<a href=\"https:\/\/cmpaix.eu\/fr\/les-jardins\/\">Les jardins<\/a> \/&nbsp;<a href=\"https:\/\/cmpaix.eu\/fr\/le-mur-de-berlin\/\">Fragment du Mur de Berlin<\/a> \/<a href=\"https:\/\/cmpaix.eu\/fr\/la-facade-cote-jardins\/\">Fa\u00e7ade c\u00f4t\u00e9 jardin<\/a> \/<a href=\"https:\/\/cmpaix.eu\/fr\/vue-depuis-les-jardins\/\">Vue sur Verdun<\/a>&nbsp;<\/h6>\n<\/div>\n<\/section>\n","protected":false},"excerpt":{"rendered":"<p>La Chapelle \u00c0 l\u2019extr\u00e9mit\u00e9 de la grande galerie se trouve la chapelle, construite \u00e0 partir de 1774 par l\u2019architecte Andr\u00e9 Meury. Elle doit sa d\u00e9coration de style Louis XV \u00e0 Mgr Desnos.&nbsp; Elle est orn\u00e9e de trois grandes toiles copi\u00e9es par Mansuy, repr\u00e9sentant Le Christ au jardin des oliviers, d\u2019apr\u00e8s  [&#8230;]<\/p>\n","protected":false},"author":1,"featured_media":0,"parent":0,"menu_order":4,"comment_status":"closed","ping_status":"closed","template":"","meta":{"ngg_post_thumbnail":0,"footnotes":""},"class_list":["post-14944","page","type-page","status-publish","hentry"],"_links":{"self":[{"href":"https:\/\/cmpaix.eu\/fr\/wp-json\/wp\/v2\/pages\/14944","targetHints":{"allow":["GET"]}}],"collection":[{"href":"https:\/\/cmpaix.eu\/fr\/wp-json\/wp\/v2\/pages"}],"about":[{"href":"https:\/\/cmpaix.eu\/fr\/wp-json\/wp\/v2\/types\/page"}],"author":[{"embeddable":true,"href":"https:\/\/cmpaix.eu\/fr\/wp-json\/wp\/v2\/users\/1"}],"replies":[{"embeddable":true,"href":"https:\/\/cmpaix.eu\/fr\/wp-json\/wp\/v2\/comments?post=14944"}],"version-history":[{"count":7,"href":"https:\/\/cmpaix.eu\/fr\/wp-json\/wp\/v2\/pages\/14944\/revisions"}],"predecessor-version":[{"id":15108,"href":"https:\/\/cmpaix.eu\/fr\/wp-json\/wp\/v2\/pages\/14944\/revisions\/15108"}],"wp:attachment":[{"href":"https:\/\/cmpaix.eu\/fr\/wp-json\/wp\/v2\/media?parent=14944"}],"curies":[{"name":"wp","href":"https:\/\/api.w.org\/{rel}","templated":true}]}}

<section class="palais-section">
<h2>La Chapelle</h2>
<p>À l’extrémité de la grande galerie se trouve la chapelle, construite à partir de 1774 par l’architecte André Meury. Elle doit sa décoration de style Louis XV à Mgr Desnos.&nbsp;</p>
<p><img decoding="async" class="lazyload alignleft size-medium wp-image-15055" src="http://cmpaix.eu/fr/wp-content/uploads/2025/08/illustration-8-240x300.png" data-orig-src="http://cmpaix.eu/fr/wp-content/uploads/2025/08/illustration-8-240x300.png" alt="" width="240" height="300" srcset="data:image/svg+xml,%3Csvg%20xmlns%3D%27http%3A%2F%2Fwww.w3.org%2F2000%2Fsvg%27%20width%3D%27240%27%20height%3D%27300%27%20viewBox%3D%270%200%20240%20300%27%3E%3Crect%20width%3D%27240%27%20height%3D%27300%27%20fill-opacity%3D%220%22%2F%3E%3C%2Fsvg%3E" data-srcset="https://cmpaix.eu/fr/wp-content/uploads/2025/08/illustration-8-200x250.png 200w, https://cmpaix.eu/fr/wp-content/uploads/2025/08/illustration-8-240x300.png 240w, https://cmpaix.eu/fr/wp-content/uploads/2025/08/illustration-8-400x500.png 400w, https://cmpaix.eu/fr/wp-content/uploads/2025/08/illustration-8-600x751.png 600w, https://cmpaix.eu/fr/wp-content/uploads/2025/08/illustration-8-768x961.png 768w, https://cmpaix.eu/fr/wp-content/uploads/2025/08/illustration-8-800x1001.png 800w, https://cmpaix.eu/fr/wp-content/uploads/2025/08/illustration-8-818x1024.png 818w, https://cmpaix.eu/fr/wp-content/uploads/2025/08/illustration-8.png 900w" data-sizes="auto" data-orig-sizes="(max-width: 240px) 100vw, 240px" /></p>
<p>Elle est ornée de trois grandes toiles copiées par Mansuy, représentant Le Christ au jardin des oliviers, d’après Restout, La Résurrection, d’après Van Loo, et La Présentation au Temple, d’après Jean Jouvenet.</p>
<p><em>Chapelle du palais épiscopal de Verdun</em>, état actuel © cliché Nicolas Le Clerre</p>
<div class="image-block">
<p><img decoding="async" class="lazyload alignleft size-medium wp-image-15054" src="http://cmpaix.eu/fr/wp-content/uploads/2025/08/illustration-7-225x300.jpg" data-orig-src="http://cmpaix.eu/fr/wp-content/uploads/2025/08/illustration-7-225x300.jpg" alt="" width="225" height="300" srcset="data:image/svg+xml,%3Csvg%20xmlns%3D%27http%3A%2F%2Fwww.w3.org%2F2000%2Fsvg%27%20width%3D%27225%27%20height%3D%27300%27%20viewBox%3D%270%200%20225%20300%27%3E%3Crect%20width%3D%27225%27%20height%3D%27300%27%20fill-opacity%3D%220%22%2F%3E%3C%2Fsvg%3E" data-srcset="https://cmpaix.eu/fr/wp-content/uploads/2025/08/illustration-7-200x267.jpg 200w, https://cmpaix.eu/fr/wp-content/uploads/2025/08/illustration-7-225x300.jpg 225w, https://cmpaix.eu/fr/wp-content/uploads/2025/08/illustration-7-400x533.jpg 400w, https://cmpaix.eu/fr/wp-content/uploads/2025/08/illustration-7-600x800.jpg 600w, https://cmpaix.eu/fr/wp-content/uploads/2025/08/illustration-7-768x1024.jpg 768w, https://cmpaix.eu/fr/wp-content/uploads/2025/08/illustration-7-800x1067.jpg 800w, https://cmpaix.eu/fr/wp-content/uploads/2025/08/illustration-7-1152x1536.jpg 1152w, https://cmpaix.eu/fr/wp-content/uploads/2025/08/illustration-7-1200x1600.jpg 1200w, https://cmpaix.eu/fr/wp-content/uploads/2025/08/illustration-7-1536x2048.jpg 1536w, https://cmpaix.eu/fr/wp-content/uploads/2025/08/illustration-7-scaled.jpg 1920w" data-sizes="auto" data-orig-sizes="(max-width: 225px) 100vw, 225px" /></p>
<h6>&nbsp;</h6>
<h6>&nbsp;</h6>
<h6>Voir les autres lieux</h6>
<h6><a href="https://cmpaix.eu/fr/le-portail-place-monseigneur-ginisty/">Façade côté place</a> /<a href="https://cmpaix.eu/fr/la-rotule/">La rotule</a> /&nbsp;<a href="https://cmpaix.eu/fr/entree-de-la-cour/">la cour d’honneur</a>&nbsp; /&nbsp;<a href="https://cmpaix.eu/fr/la-marelle/">La Marelle</a> /&nbsp;<a href="https://cmpaix.eu/fr/le-peristyle/">Le péristyle</a> /&nbsp;<a href="https://cmpaix.eu/fr/les-jardins/">Les jardins</a> /&nbsp;<a href="https://cmpaix.eu/fr/le-mur-de-berlin/">Fragment du Mur de Berlin</a> /<a href="https://cmpaix.eu/fr/la-facade-cote-jardins/">Façade côté jardin</a> /<a href="https://cmpaix.eu/fr/vue-depuis-les-jardins/">Vue sur Verdun</a>&nbsp;</h6>
</div>
</section>

<p>La Chapelle À l’extrémité de la grande galerie se trouve la chapelle, construite à partir de 1774 par l’architecte André Meury. Elle doit sa décoration de style Louis XV à Mgr Desnos.&nbsp; Elle est ornée de trois grandes toiles copiées par Mansuy, représentant Le Christ au jardin des oliviers, d’après  [&#8230;]</p>
