{"id":14949,"date":"2025-07-04T17:56:28","date_gmt":"2025-07-04T15:56:28","guid":{"rendered":"https:\/\/cmpaix.eu\/fr\/?page_id=14949"},"modified":"2025-08-25T14:13:57","modified_gmt":"2025-08-25T12:13:57","slug":"le-peristyle","status":"publish","type":"page","link":"https:\/\/cmpaix.eu\/fr\/le-peristyle\/","title":{"rendered":"Le p\u00e9ristyle"},"content":{"rendered":"<section class=\"palais-section\">\n<h2>Le p\u00e9ristyle<\/h2>\n<p>L\u2019entr\u00e9e dans le corps principal du palais se fait par le p\u00e9ristyle dont les murs sont orn\u00e9s de la liste de tous les \u00e9v\u00eaques de Verdun. Le premier est saint Saintin, \u00e9vang\u00e9lisateur de Verdun au d\u00e9but du IV<sup>e<\/sup> si\u00e8cle et le dernier Mgr Gushing, l\u2019actuel \u00e9v\u00eaque.<\/p>\n<p><img decoding=\"async\" class=\"lazyload alignleft size-medium wp-image-15085\" src=\"http:\/\/cmpaix.eu\/fr\/wp-content\/uploads\/2025\/08\/peristyle-300x200.jpg\" data-orig-src=\"http:\/\/cmpaix.eu\/fr\/wp-content\/uploads\/2025\/08\/peristyle-300x200.jpg\" alt=\"\" width=\"300\" height=\"200\" srcset=\"data:image\/svg+xml,%3Csvg%20xmlns%3D%27http%3A%2F%2Fwww.w3.org%2F2000%2Fsvg%27%20width%3D%27300%27%20height%3D%27200%27%20viewBox%3D%270%200%20300%20200%27%3E%3Crect%20width%3D%27300%27%20height%3D%27200%27%20fill-opacity%3D%220%22%2F%3E%3C%2Fsvg%3E\" data-srcset=\"https:\/\/cmpaix.eu\/fr\/wp-content\/uploads\/2025\/08\/peristyle-200x133.jpg 200w, https:\/\/cmpaix.eu\/fr\/wp-content\/uploads\/2025\/08\/peristyle-300x200.jpg 300w, https:\/\/cmpaix.eu\/fr\/wp-content\/uploads\/2025\/08\/peristyle-400x267.jpg 400w, https:\/\/cmpaix.eu\/fr\/wp-content\/uploads\/2025\/08\/peristyle-600x400.jpg 600w, https:\/\/cmpaix.eu\/fr\/wp-content\/uploads\/2025\/08\/peristyle-768x512.jpg 768w, https:\/\/cmpaix.eu\/fr\/wp-content\/uploads\/2025\/08\/peristyle-800x533.jpg 800w, https:\/\/cmpaix.eu\/fr\/wp-content\/uploads\/2025\/08\/peristyle-1024x682.jpg 1024w, https:\/\/cmpaix.eu\/fr\/wp-content\/uploads\/2025\/08\/peristyle-1200x800.jpg 1200w, https:\/\/cmpaix.eu\/fr\/wp-content\/uploads\/2025\/08\/peristyle-1536x1024.jpg 1536w, https:\/\/cmpaix.eu\/fr\/wp-content\/uploads\/2025\/08\/peristyle.jpg 2000w\" data-sizes=\"auto\" data-orig-sizes=\"(max-width: 300px) 100vw, 300px\" \/>Les d\u00e9g\u00e2ts subis par le Palais \u00e9piscopal pendant la Premi\u00e8re Guerre mondiale furent consid\u00e9rables. Il faudra plus de quinze ans de travaux, sous l\u2019\u00e9piscopat de Mgr Ginisty, pour restaurer le b\u00e2timent.<\/p>\n<p>Dans l\u2019axe du p\u00e9ristyle, un vestibule n\u00e9oclassique donne acc\u00e8s aux jardins par trois hautes portes-fen\u00eatres.<\/p>\n<div class=\"image-block\">\n<p><img decoding=\"async\" class=\"lazyload alignleft size-medium wp-image-15057\" src=\"http:\/\/cmpaix.eu\/fr\/wp-content\/uploads\/2025\/08\/illustration-10-225x300.jpeg\" data-orig-src=\"http:\/\/cmpaix.eu\/fr\/wp-content\/uploads\/2025\/08\/illustration-10-225x300.jpeg\" alt=\"\" width=\"225\" height=\"300\" srcset=\"data:image\/svg+xml,%3Csvg%20xmlns%3D%27http%3A%2F%2Fwww.w3.org%2F2000%2Fsvg%27%20width%3D%27225%27%20height%3D%27300%27%20viewBox%3D%270%200%20225%20300%27%3E%3Crect%20width%3D%27225%27%20height%3D%27300%27%20fill-opacity%3D%220%22%2F%3E%3C%2Fsvg%3E\" data-srcset=\"https:\/\/cmpaix.eu\/fr\/wp-content\/uploads\/2025\/08\/illustration-10-200x267.jpeg 200w, https:\/\/cmpaix.eu\/fr\/wp-content\/uploads\/2025\/08\/illustration-10-225x300.jpeg 225w, https:\/\/cmpaix.eu\/fr\/wp-content\/uploads\/2025\/08\/illustration-10-400x533.jpeg 400w, https:\/\/cmpaix.eu\/fr\/wp-content\/uploads\/2025\/08\/illustration-10-600x800.jpeg 600w, https:\/\/cmpaix.eu\/fr\/wp-content\/uploads\/2025\/08\/illustration-10-768x1024.jpeg 768w, https:\/\/cmpaix.eu\/fr\/wp-content\/uploads\/2025\/08\/illustration-10-800x1067.jpeg 800w, https:\/\/cmpaix.eu\/fr\/wp-content\/uploads\/2025\/08\/illustration-10-1152x1536.jpeg 1152w, https:\/\/cmpaix.eu\/fr\/wp-content\/uploads\/2025\/08\/illustration-10-1200x1600.jpeg 1200w, https:\/\/cmpaix.eu\/fr\/wp-content\/uploads\/2025\/08\/illustration-10-1536x2048.jpeg 1536w, https:\/\/cmpaix.eu\/fr\/wp-content\/uploads\/2025\/08\/illustration-10-scaled.jpeg 1920w\" data-sizes=\"auto\" data-orig-sizes=\"(max-width: 225px) 100vw, 225px\" \/><\/p>\n<p class=\"legend\">Mgr Ginisty, restaurateur du palais apr\u00e8s 1918. Photographie anonyme, 1914 \u00a9 Biblioth\u00e8que dioc\u00e9saine de Verdun<\/p>\n<\/div>\n<p>Autres lieux \u00e0 voir :&nbsp;<\/p>\n<h6><a class=\"card\" href=\"facade-place\">\ufe0f<\/a><a href=\"https:\/\/cmpaix.eu\/fr\/le-portail-place-monseigneur-ginisty\/\">Fa\u00e7ade c\u00f4t\u00e9 place<\/a> \/<a href=\"https:\/\/cmpaix.eu\/fr\/la-rotule\/\">La rotule<\/a> \/&nbsp;<a href=\"https:\/\/cmpaix.eu\/fr\/entree-de-la-cour\/\">la cour d\u2019honneur<\/a>&nbsp; \/&nbsp;<a href=\"https:\/\/cmpaix.eu\/fr\/la-chapelle\/\">La Chapelle<\/a> \/&nbsp;<a href=\"https:\/\/cmpaix.eu\/fr\/la-marelle\/\">La Marelle<\/a> \/ <a href=\"https:\/\/cmpaix.eu\/fr\/les-jardins\/\">Les Jardins<\/a> \/&nbsp;<a href=\"https:\/\/cmpaix.eu\/fr\/le-mur-de-berlin\/\">Fragment du Mur de Berlin<\/a> \/&nbsp;<a href=\"https:\/\/cmpaix.eu\/fr\/la-facade-cote-jardins\/\">Fa\u00e7ade c\u00f4t\u00e9 jardin<\/a> \/<a href=\"https:\/\/cmpaix.eu\/fr\/vue-depuis-les-jardins\/\">Vue sur Verdun<\/a>&nbsp;<\/h6>\n<\/section>\n","protected":false},"excerpt":{"rendered":"<p>Le p\u00e9ristyle L\u2019entr\u00e9e dans le corps principal du palais se fait par le p\u00e9ristyle dont les murs sont orn\u00e9s de la liste de tous les \u00e9v\u00eaques de Verdun. Le premier est saint Saintin, \u00e9vang\u00e9lisateur de Verdun au d\u00e9but du IVe si\u00e8cle et le dernier Mgr Gushing, l\u2019actuel \u00e9v\u00eaque. Les d\u00e9g\u00e2ts  [&#8230;]<\/p>\n","protected":false},"author":1,"featured_media":0,"parent":0,"menu_order":6,"comment_status":"closed","ping_status":"closed","template":"","meta":{"ngg_post_thumbnail":0,"footnotes":""},"class_list":["post-14949","page","type-page","status-publish","hentry"],"_links":{"self":[{"href":"https:\/\/cmpaix.eu\/fr\/wp-json\/wp\/v2\/pages\/14949","targetHints":{"allow":["GET"]}}],"collection":[{"href":"https:\/\/cmpaix.eu\/fr\/wp-json\/wp\/v2\/pages"}],"about":[{"href":"https:\/\/cmpaix.eu\/fr\/wp-json\/wp\/v2\/types\/page"}],"author":[{"embeddable":true,"href":"https:\/\/cmpaix.eu\/fr\/wp-json\/wp\/v2\/users\/1"}],"replies":[{"embeddable":true,"href":"https:\/\/cmpaix.eu\/fr\/wp-json\/wp\/v2\/comments?post=14949"}],"version-history":[{"count":8,"href":"https:\/\/cmpaix.eu\/fr\/wp-json\/wp\/v2\/pages\/14949\/revisions"}],"predecessor-version":[{"id":15110,"href":"https:\/\/cmpaix.eu\/fr\/wp-json\/wp\/v2\/pages\/14949\/revisions\/15110"}],"wp:attachment":[{"href":"https:\/\/cmpaix.eu\/fr\/wp-json\/wp\/v2\/media?parent=14949"}],"curies":[{"name":"wp","href":"https:\/\/api.w.org\/{rel}","templated":true}]}}

Le péristyle

<section class="palais-section">
<h2>Le péristyle</h2>
<p>L’entrée dans le corps principal du palais se fait par le péristyle dont les murs sont ornés de la liste de tous les évêques de Verdun. Le premier est saint Saintin, évangélisateur de Verdun au début du IV<sup>e</sup> siècle et le dernier Mgr Gushing, l’actuel évêque.</p>
<p><img decoding="async" class="lazyload alignleft size-medium wp-image-15085" src="http://cmpaix.eu/fr/wp-content/uploads/2025/08/peristyle-300x200.jpg" data-orig-src="http://cmpaix.eu/fr/wp-content/uploads/2025/08/peristyle-300x200.jpg" alt="" width="300" height="200" srcset="data:image/svg+xml,%3Csvg%20xmlns%3D%27http%3A%2F%2Fwww.w3.org%2F2000%2Fsvg%27%20width%3D%27300%27%20height%3D%27200%27%20viewBox%3D%270%200%20300%20200%27%3E%3Crect%20width%3D%27300%27%20height%3D%27200%27%20fill-opacity%3D%220%22%2F%3E%3C%2Fsvg%3E" data-srcset="https://cmpaix.eu/fr/wp-content/uploads/2025/08/peristyle-200x133.jpg 200w, https://cmpaix.eu/fr/wp-content/uploads/2025/08/peristyle-300x200.jpg 300w, https://cmpaix.eu/fr/wp-content/uploads/2025/08/peristyle-400x267.jpg 400w, https://cmpaix.eu/fr/wp-content/uploads/2025/08/peristyle-600x400.jpg 600w, https://cmpaix.eu/fr/wp-content/uploads/2025/08/peristyle-768x512.jpg 768w, https://cmpaix.eu/fr/wp-content/uploads/2025/08/peristyle-800x533.jpg 800w, https://cmpaix.eu/fr/wp-content/uploads/2025/08/peristyle-1024x682.jpg 1024w, https://cmpaix.eu/fr/wp-content/uploads/2025/08/peristyle-1200x800.jpg 1200w, https://cmpaix.eu/fr/wp-content/uploads/2025/08/peristyle-1536x1024.jpg 1536w, https://cmpaix.eu/fr/wp-content/uploads/2025/08/peristyle.jpg 2000w" data-sizes="auto" data-orig-sizes="(max-width: 300px) 100vw, 300px" />Les dégâts subis par le Palais épiscopal pendant la Première Guerre mondiale furent considérables. Il faudra plus de quinze ans de travaux, sous l’épiscopat de Mgr Ginisty, pour restaurer le bâtiment.</p>
<p>Dans l’axe du péristyle, un vestibule néoclassique donne accès aux jardins par trois hautes portes-fenêtres.</p>
<div class="image-block">
<p><img decoding="async" class="lazyload alignleft size-medium wp-image-15057" src="http://cmpaix.eu/fr/wp-content/uploads/2025/08/illustration-10-225x300.jpeg" data-orig-src="http://cmpaix.eu/fr/wp-content/uploads/2025/08/illustration-10-225x300.jpeg" alt="" width="225" height="300" srcset="data:image/svg+xml,%3Csvg%20xmlns%3D%27http%3A%2F%2Fwww.w3.org%2F2000%2Fsvg%27%20width%3D%27225%27%20height%3D%27300%27%20viewBox%3D%270%200%20225%20300%27%3E%3Crect%20width%3D%27225%27%20height%3D%27300%27%20fill-opacity%3D%220%22%2F%3E%3C%2Fsvg%3E" data-srcset="https://cmpaix.eu/fr/wp-content/uploads/2025/08/illustration-10-200x267.jpeg 200w, https://cmpaix.eu/fr/wp-content/uploads/2025/08/illustration-10-225x300.jpeg 225w, https://cmpaix.eu/fr/wp-content/uploads/2025/08/illustration-10-400x533.jpeg 400w, https://cmpaix.eu/fr/wp-content/uploads/2025/08/illustration-10-600x800.jpeg 600w, https://cmpaix.eu/fr/wp-content/uploads/2025/08/illustration-10-768x1024.jpeg 768w, https://cmpaix.eu/fr/wp-content/uploads/2025/08/illustration-10-800x1067.jpeg 800w, https://cmpaix.eu/fr/wp-content/uploads/2025/08/illustration-10-1152x1536.jpeg 1152w, https://cmpaix.eu/fr/wp-content/uploads/2025/08/illustration-10-1200x1600.jpeg 1200w, https://cmpaix.eu/fr/wp-content/uploads/2025/08/illustration-10-1536x2048.jpeg 1536w, https://cmpaix.eu/fr/wp-content/uploads/2025/08/illustration-10-scaled.jpeg 1920w" data-sizes="auto" data-orig-sizes="(max-width: 225px) 100vw, 225px" /></p>
<p class="legend">Mgr Ginisty, restaurateur du palais après 1918. Photographie anonyme, 1914 © Bibliothèque diocésaine de Verdun</p>
</div>
<p>Autres lieux à voir :&nbsp;</p>
<h6><a class="card" href="facade-place">️</a><a href="https://cmpaix.eu/fr/le-portail-place-monseigneur-ginisty/">Façade côté place</a> /<a href="https://cmpaix.eu/fr/la-rotule/">La rotule</a> /&nbsp;<a href="https://cmpaix.eu/fr/entree-de-la-cour/">la cour d’honneur</a>&nbsp; /&nbsp;<a href="https://cmpaix.eu/fr/la-chapelle/">La Chapelle</a> /&nbsp;<a href="https://cmpaix.eu/fr/la-marelle/">La Marelle</a> / <a href="https://cmpaix.eu/fr/les-jardins/">Les Jardins</a> /&nbsp;<a href="https://cmpaix.eu/fr/le-mur-de-berlin/">Fragment du Mur de Berlin</a> /&nbsp;<a href="https://cmpaix.eu/fr/la-facade-cote-jardins/">Façade côté jardin</a> /<a href="https://cmpaix.eu/fr/vue-depuis-les-jardins/">Vue sur Verdun</a>&nbsp;</h6>
</section>

<p>Le péristyle L’entrée dans le corps principal du palais se fait par le péristyle dont les murs sont ornés de la liste de tous les évêques de Verdun. Le premier est saint Saintin, évangélisateur de Verdun au début du IVe siècle et le dernier Mgr Gushing, l’actuel évêque. Les dégâts  [&#8230;]</p>
