{"id":14951,"date":"2025-07-04T17:56:28","date_gmt":"2025-07-04T15:56:28","guid":{"rendered":"https:\/\/cmpaix.eu\/fr\/?page_id=14951"},"modified":"2025-08-25T14:15:14","modified_gmt":"2025-08-25T12:15:14","slug":"les-jardins","status":"publish","type":"page","link":"https:\/\/cmpaix.eu\/fr\/les-jardins\/","title":{"rendered":"Les jardins"},"content":{"rendered":"<section class=\"palais-section\">\n<h2>Les Jardins<\/h2>\n<p>Robert de Cotte reprit le sch\u00e9ma des anciens jardins du palais Renaissance de Nicolas Psaume lorsqu\u2019il dessina le nouveau palais \u00e9piscopal. Il l\u2019adapta cependant \u00e0 ses besoins en cr\u00e9ant un foss\u00e9 entre le palais et le jardin, afin d\u2019apporter de la lumi\u00e8re aux sous-sols o\u00f9 se trouvaient les espaces de travail des domestiques.<\/p>\n<p>Un petit pont de pierre&nbsp; enjambe ce foss\u00e9, permettant d\u2019acc\u00e9der aux jardins par le vestibule.<\/p>\n<p>Les jardins sont de style classique, \u00e0 la fran\u00e7aise. Ils s\u2019organisent autour de deux parterres de broderies entour\u00e9s de buis taill\u00e9s. Deux all\u00e9es de tilleul bordent ces parterres au Nord et au Sud.<\/p>\n<p><img decoding=\"async\" class=\"lazyload alignleft size-medium wp-image-15058\" src=\"http:\/\/cmpaix.eu\/fr\/wp-content\/uploads\/2025\/08\/illustration-11-225x300.jpg\" data-orig-src=\"http:\/\/cmpaix.eu\/fr\/wp-content\/uploads\/2025\/08\/illustration-11-225x300.jpg\" alt=\"\" width=\"225\" height=\"300\" srcset=\"data:image\/svg+xml,%3Csvg%20xmlns%3D%27http%3A%2F%2Fwww.w3.org%2F2000%2Fsvg%27%20width%3D%27225%27%20height%3D%27300%27%20viewBox%3D%270%200%20225%20300%27%3E%3Crect%20width%3D%27225%27%20height%3D%27300%27%20fill-opacity%3D%220%22%2F%3E%3C%2Fsvg%3E\" data-srcset=\"https:\/\/cmpaix.eu\/fr\/wp-content\/uploads\/2025\/08\/illustration-11-200x267.jpg 200w, https:\/\/cmpaix.eu\/fr\/wp-content\/uploads\/2025\/08\/illustration-11-225x300.jpg 225w, https:\/\/cmpaix.eu\/fr\/wp-content\/uploads\/2025\/08\/illustration-11-400x533.jpg 400w, https:\/\/cmpaix.eu\/fr\/wp-content\/uploads\/2025\/08\/illustration-11-600x800.jpg 600w, https:\/\/cmpaix.eu\/fr\/wp-content\/uploads\/2025\/08\/illustration-11-768x1024.jpg 768w, https:\/\/cmpaix.eu\/fr\/wp-content\/uploads\/2025\/08\/illustration-11-800x1067.jpg 800w, https:\/\/cmpaix.eu\/fr\/wp-content\/uploads\/2025\/08\/illustration-11-1152x1536.jpg 1152w, https:\/\/cmpaix.eu\/fr\/wp-content\/uploads\/2025\/08\/illustration-11-1200x1600.jpg 1200w, https:\/\/cmpaix.eu\/fr\/wp-content\/uploads\/2025\/08\/illustration-11-1536x2048.jpg 1536w, https:\/\/cmpaix.eu\/fr\/wp-content\/uploads\/2025\/08\/illustration-11-scaled.jpg 1920w\" data-sizes=\"auto\" data-orig-sizes=\"(max-width: 225px) 100vw, 225px\" \/><\/p>\n<div class=\"image-block\">\n<p class=\"legend\"><em>Pont de pierre reliant le palais au parc \u00e0 la fran\u00e7aise&nbsp;aux \u00e9l\u00e9gantes ferronneries enjambe le foss\u00e9 et relie le Palais avec le parc \u00e0 la fran\u00e7aise \u00a9 clich\u00e9 Nicolas Le Clerre<\/em><\/p>\n<\/div>\n<\/section>\n<p>&nbsp;<\/p>\n<p>&nbsp;<\/p>\n<p>&nbsp;<\/p>\n<p>&nbsp;<\/p>\n<p>&nbsp;<\/p>\n<p>&nbsp;<\/p>\n<p>&nbsp;<\/p>\n<p>Autres lieux \u00e0 voir :<\/p>\n<h6><a class=\"card\" href=\"facade-place\">\ufe0f<\/a><a href=\"https:\/\/cmpaix.eu\/fr\/le-portail-place-monseigneur-ginisty\/\">Fa\u00e7ade c\u00f4t\u00e9 place<\/a> \/<a href=\"https:\/\/cmpaix.eu\/fr\/la-rotule\/\">La rotule<\/a> \/&nbsp;<a href=\"https:\/\/cmpaix.eu\/fr\/entree-de-la-cour\/\">la cour d\u2019honneur<\/a>&nbsp; \/&nbsp;<a href=\"https:\/\/cmpaix.eu\/fr\/la-chapelle\/\">La Chapelle<\/a> \/&nbsp;<a href=\"https:\/\/cmpaix.eu\/fr\/la-marelle\/\">La Marelle<\/a> \/&nbsp;<a href=\"https:\/\/cmpaix.eu\/fr\/le-peristyle\/\">Le p\u00e9ristyle<\/a> \/ <a href=\"https:\/\/cmpaix.eu\/fr\/le-mur-de-berlin\/\">Fragment du Mur de Berlin<\/a> \/&nbsp;<a href=\"https:\/\/cmpaix.eu\/fr\/la-facade-cote-jardins\/\">Fa\u00e7ade c\u00f4t\u00e9 jardin<\/a> \/<a href=\"https:\/\/cmpaix.eu\/fr\/vue-depuis-les-jardins\/\">Vue sur Verdun<\/a>&nbsp;<\/h6>\n","protected":false},"excerpt":{"rendered":"<p>Les Jardins Robert de Cotte reprit le sch\u00e9ma des anciens jardins du palais Renaissance de Nicolas Psaume lorsqu\u2019il dessina le nouveau palais \u00e9piscopal. Il l\u2019adapta cependant \u00e0 ses besoins en cr\u00e9ant un foss\u00e9 entre le palais et le jardin, afin d\u2019apporter de la lumi\u00e8re aux sous-sols o\u00f9 se trouvaient les  [&#8230;]<\/p>\n","protected":false},"author":1,"featured_media":0,"parent":0,"menu_order":7,"comment_status":"closed","ping_status":"closed","template":"","meta":{"ngg_post_thumbnail":0,"footnotes":""},"class_list":["post-14951","page","type-page","status-publish","hentry"],"_links":{"self":[{"href":"https:\/\/cmpaix.eu\/fr\/wp-json\/wp\/v2\/pages\/14951","targetHints":{"allow":["GET"]}}],"collection":[{"href":"https:\/\/cmpaix.eu\/fr\/wp-json\/wp\/v2\/pages"}],"about":[{"href":"https:\/\/cmpaix.eu\/fr\/wp-json\/wp\/v2\/types\/page"}],"author":[{"embeddable":true,"href":"https:\/\/cmpaix.eu\/fr\/wp-json\/wp\/v2\/users\/1"}],"replies":[{"embeddable":true,"href":"https:\/\/cmpaix.eu\/fr\/wp-json\/wp\/v2\/comments?post=14951"}],"version-history":[{"count":6,"href":"https:\/\/cmpaix.eu\/fr\/wp-json\/wp\/v2\/pages\/14951\/revisions"}],"predecessor-version":[{"id":15111,"href":"https:\/\/cmpaix.eu\/fr\/wp-json\/wp\/v2\/pages\/14951\/revisions\/15111"}],"wp:attachment":[{"href":"https:\/\/cmpaix.eu\/fr\/wp-json\/wp\/v2\/media?parent=14951"}],"curies":[{"name":"wp","href":"https:\/\/api.w.org\/{rel}","templated":true}]}}

<section class="palais-section">
<h2>Les Jardins</h2>
<p>Robert de Cotte reprit le schéma des anciens jardins du palais Renaissance de Nicolas Psaume lorsqu’il dessina le nouveau palais épiscopal. Il l’adapta cependant à ses besoins en créant un fossé entre le palais et le jardin, afin d’apporter de la lumière aux sous-sols où se trouvaient les espaces de travail des domestiques.</p>
<p>Un petit pont de pierre&nbsp; enjambe ce fossé, permettant d’accéder aux jardins par le vestibule.</p>
<p>Les jardins sont de style classique, à la française. Ils s’organisent autour de deux parterres de broderies entourés de buis taillés. Deux allées de tilleul bordent ces parterres au Nord et au Sud.</p>
<p><img decoding="async" class="lazyload alignleft size-medium wp-image-15058" src="http://cmpaix.eu/fr/wp-content/uploads/2025/08/illustration-11-225x300.jpg" data-orig-src="http://cmpaix.eu/fr/wp-content/uploads/2025/08/illustration-11-225x300.jpg" alt="" width="225" height="300" srcset="data:image/svg+xml,%3Csvg%20xmlns%3D%27http%3A%2F%2Fwww.w3.org%2F2000%2Fsvg%27%20width%3D%27225%27%20height%3D%27300%27%20viewBox%3D%270%200%20225%20300%27%3E%3Crect%20width%3D%27225%27%20height%3D%27300%27%20fill-opacity%3D%220%22%2F%3E%3C%2Fsvg%3E" data-srcset="https://cmpaix.eu/fr/wp-content/uploads/2025/08/illustration-11-200x267.jpg 200w, https://cmpaix.eu/fr/wp-content/uploads/2025/08/illustration-11-225x300.jpg 225w, https://cmpaix.eu/fr/wp-content/uploads/2025/08/illustration-11-400x533.jpg 400w, https://cmpaix.eu/fr/wp-content/uploads/2025/08/illustration-11-600x800.jpg 600w, https://cmpaix.eu/fr/wp-content/uploads/2025/08/illustration-11-768x1024.jpg 768w, https://cmpaix.eu/fr/wp-content/uploads/2025/08/illustration-11-800x1067.jpg 800w, https://cmpaix.eu/fr/wp-content/uploads/2025/08/illustration-11-1152x1536.jpg 1152w, https://cmpaix.eu/fr/wp-content/uploads/2025/08/illustration-11-1200x1600.jpg 1200w, https://cmpaix.eu/fr/wp-content/uploads/2025/08/illustration-11-1536x2048.jpg 1536w, https://cmpaix.eu/fr/wp-content/uploads/2025/08/illustration-11-scaled.jpg 1920w" data-sizes="auto" data-orig-sizes="(max-width: 225px) 100vw, 225px" /></p>
<div class="image-block">
<p class="legend"><em>Pont de pierre reliant le palais au parc à la française&nbsp;aux élégantes ferronneries enjambe le fossé et relie le Palais avec le parc à la française © cliché Nicolas Le Clerre</em></p>
</div>
</section>
<p>&nbsp;</p>
<p>&nbsp;</p>
<p>&nbsp;</p>
<p>&nbsp;</p>
<p>&nbsp;</p>
<p>&nbsp;</p>
<p>&nbsp;</p>
<p>Autres lieux à voir :</p>
<h6><a class="card" href="facade-place">️</a><a href="https://cmpaix.eu/fr/le-portail-place-monseigneur-ginisty/">Façade côté place</a> /<a href="https://cmpaix.eu/fr/la-rotule/">La rotule</a> /&nbsp;<a href="https://cmpaix.eu/fr/entree-de-la-cour/">la cour d’honneur</a>&nbsp; /&nbsp;<a href="https://cmpaix.eu/fr/la-chapelle/">La Chapelle</a> /&nbsp;<a href="https://cmpaix.eu/fr/la-marelle/">La Marelle</a> /&nbsp;<a href="https://cmpaix.eu/fr/le-peristyle/">Le péristyle</a> / <a href="https://cmpaix.eu/fr/le-mur-de-berlin/">Fragment du Mur de Berlin</a> /&nbsp;<a href="https://cmpaix.eu/fr/la-facade-cote-jardins/">Façade côté jardin</a> /<a href="https://cmpaix.eu/fr/vue-depuis-les-jardins/">Vue sur Verdun</a>&nbsp;</h6>

<p>Les Jardins Robert de Cotte reprit le schéma des anciens jardins du palais Renaissance de Nicolas Psaume lorsqu’il dessina le nouveau palais épiscopal. Il l’adapta cependant à ses besoins en créant un fossé entre le palais et le jardin, afin d’apporter de la lumière aux sous-sols où se trouvaient les  [&#8230;]</p>
