{"id":14953,"date":"2025-07-04T17:56:28","date_gmt":"2025-07-04T15:56:28","guid":{"rendered":"https:\/\/cmpaix.eu\/fr\/?page_id=14953"},"modified":"2025-08-25T14:15:41","modified_gmt":"2025-08-25T12:15:41","slug":"le-mur-de-berlin","status":"publish","type":"page","link":"https:\/\/cmpaix.eu\/fr\/le-mur-de-berlin\/","title":{"rendered":"Fragment du Mur de Berlin"},"content":{"rendered":"<section class=\"palais-section\">\n<h2>Fragment du Mur de Berlin<\/h2>\n<p>Le 9 novembre 1989 tombait le mur de Berlin. Ce mur, construit 28 ans plus t\u00f4t autour de Berlin Ouest pour mettre fin \u00e0 l\u2019h\u00e9morragie de r\u00e9fugi\u00e9s fuyant la RDA pour aller en RFA a longtemps \u00e9t\u00e9 le symbole de la Guerre froide. A l\u2019inverse, sa chute pr\u00e9figure la fin du rideau de fer et la r\u00e9unification des deux Allemagnes et de l\u2019Europe.<\/p>\n<p>La ville de Berlin a fait cadeau aux institutions qui en faisaient la demande de fragments de ce mur, afin de comm\u00e9morer partout dans le monde la fin de l\u2019oppression de l\u2019Europe de l\u2019Est.<\/p>\n<p>Aujourd\u2019hui, de nouveaux murs se dressent h\u00e9las le long de nombreuses fronti\u00e8res et s\u00e9parent de nouveau les peuples.<\/p>\n<div class=\"image-block\">\n<p><img class=\"lazyload\" decoding=\"async\" src=\"data:image\/gif;base64,R0lGODlhAQABAAAAACH5BAEKAAEALAAAAAABAAEAAAICTAEAOw==\" data-orig-src=\"http:\/\/cmpaix.eu\/fr\/wp-content\/uploads\/2025\/08\/illustration-12.jpg\" alt=\"Fragment du mur de Berlin\"><\/p>\n<p><em>La Chute du mur de Berlin, <\/em>photographie de presse, 10 novembre 1989 \u00a9 Droits r\u00e9serv\u00e9s<\/p>\n<p class=\"legend\">Fragment du mur de Berlin expos\u00e9 au palais<\/p>\n<p>Autres lieux \u00e0 voir<\/p>\n<h6><a class=\"card\" href=\"facade-place\">\ufe0f<\/a><a href=\"https:\/\/cmpaix.eu\/fr\/le-portail-place-monseigneur-ginisty\/\">Fa\u00e7ade c\u00f4t\u00e9 place<\/a> \/<a href=\"https:\/\/cmpaix.eu\/fr\/la-rotule\/\">La rotule<\/a> \/&nbsp;<a href=\"https:\/\/cmpaix.eu\/fr\/entree-de-la-cour\/\">la cour d\u2019honneur<\/a>&nbsp; \/&nbsp;<a href=\"https:\/\/cmpaix.eu\/fr\/la-chapelle\/\">La Chapelle<\/a> \/&nbsp;<a href=\"https:\/\/cmpaix.eu\/fr\/la-marelle\/\">La Marelle<\/a> \/&nbsp;<a href=\"https:\/\/cmpaix.eu\/fr\/le-peristyle\/\">Le p\u00e9ristyle<\/a> \/&nbsp;<a href=\"https:\/\/cmpaix.eu\/fr\/les-jardins\/\">Les Jardins<\/a> \/&nbsp;<a href=\"https:\/\/cmpaix.eu\/fr\/la-facade-cote-jardins\/\">Fa\u00e7ade c\u00f4t\u00e9 jardin<\/a> \/<a href=\"https:\/\/cmpaix.eu\/fr\/vue-depuis-les-jardins\/\">Vue sur Verdun<\/a>&nbsp;<\/h6>\n<\/div>\n<\/section>\n","protected":false},"excerpt":{"rendered":"<p>Fragment du Mur de Berlin Le 9 novembre 1989 tombait le mur de Berlin. Ce mur, construit 28 ans plus t\u00f4t autour de Berlin Ouest pour mettre fin \u00e0 l\u2019h\u00e9morragie de r\u00e9fugi\u00e9s fuyant la RDA pour aller en RFA a longtemps \u00e9t\u00e9 le symbole de la Guerre froide. A l\u2019inverse,  [&#8230;]<\/p>\n","protected":false},"author":1,"featured_media":0,"parent":0,"menu_order":8,"comment_status":"closed","ping_status":"closed","template":"","meta":{"ngg_post_thumbnail":0,"footnotes":""},"class_list":["post-14953","page","type-page","status-publish","hentry"],"_links":{"self":[{"href":"https:\/\/cmpaix.eu\/fr\/wp-json\/wp\/v2\/pages\/14953","targetHints":{"allow":["GET"]}}],"collection":[{"href":"https:\/\/cmpaix.eu\/fr\/wp-json\/wp\/v2\/pages"}],"about":[{"href":"https:\/\/cmpaix.eu\/fr\/wp-json\/wp\/v2\/types\/page"}],"author":[{"embeddable":true,"href":"https:\/\/cmpaix.eu\/fr\/wp-json\/wp\/v2\/users\/1"}],"replies":[{"embeddable":true,"href":"https:\/\/cmpaix.eu\/fr\/wp-json\/wp\/v2\/comments?post=14953"}],"version-history":[{"count":7,"href":"https:\/\/cmpaix.eu\/fr\/wp-json\/wp\/v2\/pages\/14953\/revisions"}],"predecessor-version":[{"id":15112,"href":"https:\/\/cmpaix.eu\/fr\/wp-json\/wp\/v2\/pages\/14953\/revisions\/15112"}],"wp:attachment":[{"href":"https:\/\/cmpaix.eu\/fr\/wp-json\/wp\/v2\/media?parent=14953"}],"curies":[{"name":"wp","href":"https:\/\/api.w.org\/{rel}","templated":true}]}}

<section class="palais-section">
<h2>Fragment du Mur de Berlin</h2>
<p>Le 9 novembre 1989 tombait le mur de Berlin. Ce mur, construit 28 ans plus tôt autour de Berlin Ouest pour mettre fin à l’hémorragie de réfugiés fuyant la RDA pour aller en RFA a longtemps été le symbole de la Guerre froide. A l’inverse, sa chute préfigure la fin du rideau de fer et la réunification des deux Allemagnes et de l’Europe.</p>
<p>La ville de Berlin a fait cadeau aux institutions qui en faisaient la demande de fragments de ce mur, afin de commémorer partout dans le monde la fin de l’oppression de l’Europe de l’Est.</p>
<p>Aujourd’hui, de nouveaux murs se dressent hélas le long de nombreuses frontières et séparent de nouveau les peuples.</p>
<div class="image-block">
<p><img class="lazyload" decoding="async" src="data:image/gif;base64,R0lGODlhAQABAAAAACH5BAEKAAEALAAAAAABAAEAAAICTAEAOw==" data-orig-src="http://cmpaix.eu/fr/wp-content/uploads/2025/08/illustration-12.jpg" alt="Fragment du mur de Berlin"></p>
<p><em>La Chute du mur de Berlin, </em>photographie de presse, 10 novembre 1989 © Droits réservés</p>
<p class="legend">Fragment du mur de Berlin exposé au palais</p>
<p>Autres lieux à voir</p>
<h6><a class="card" href="facade-place">️</a><a href="https://cmpaix.eu/fr/le-portail-place-monseigneur-ginisty/">Façade côté place</a> /<a href="https://cmpaix.eu/fr/la-rotule/">La rotule</a> /&nbsp;<a href="https://cmpaix.eu/fr/entree-de-la-cour/">la cour d’honneur</a>&nbsp; /&nbsp;<a href="https://cmpaix.eu/fr/la-chapelle/">La Chapelle</a> /&nbsp;<a href="https://cmpaix.eu/fr/la-marelle/">La Marelle</a> /&nbsp;<a href="https://cmpaix.eu/fr/le-peristyle/">Le péristyle</a> /&nbsp;<a href="https://cmpaix.eu/fr/les-jardins/">Les Jardins</a> /&nbsp;<a href="https://cmpaix.eu/fr/la-facade-cote-jardins/">Façade côté jardin</a> /<a href="https://cmpaix.eu/fr/vue-depuis-les-jardins/">Vue sur Verdun</a>&nbsp;</h6>
</div>
</section>

<p>Fragment du Mur de Berlin Le 9 novembre 1989 tombait le mur de Berlin. Ce mur, construit 28 ans plus tôt autour de Berlin Ouest pour mettre fin à l’hémorragie de réfugiés fuyant la RDA pour aller en RFA a longtemps été le symbole de la Guerre froide. A l’inverse,  [&#8230;]</p>
