{"id":14955,"date":"2025-07-04T17:56:28","date_gmt":"2025-07-04T15:56:28","guid":{"rendered":"https:\/\/cmpaix.eu\/fr\/?page_id=14955"},"modified":"2025-08-25T14:16:19","modified_gmt":"2025-08-25T12:16:19","slug":"la-facade-cote-jardins","status":"publish","type":"page","link":"https:\/\/cmpaix.eu\/fr\/la-facade-cote-jardins\/","title":{"rendered":"La fa\u00e7ade c\u00f4t\u00e9 jardins"},"content":{"rendered":"<section class=\"palais-section\">\n<h2>Fa\u00e7ade c\u00f4t\u00e9 jardin<\/h2>\n<p>La fa\u00e7ade du palais \u00e9piscopal qui donne sur les jardins, de style classique, est encore plus sobre que celle de la cour.<\/p>\n<p>Au rez-de-chauss\u00e9e se d\u00e9ployait \u00e0 gauche, vers le Nord, l\u2019appartement des h\u00f4tes, compos\u00e9 d\u2019un grand salon, d\u2019une chambre d\u2019apparat, d\u2019une garde-robe et d\u2019un cabinet de toilette.<\/p>\n<p>\u00c0 droite, au Sud, b\u00e9n\u00e9ficiant d\u2019une vue superbe sur la ville, on entrait dans les grands appartements&nbsp; de l\u2019\u00e9v\u00eaque, une enfilade de pi\u00e8ces de r\u00e9ception formant un L, jusqu\u2019\u00e0 la grande galerie.<\/p>\n<p>Au premier \u00e9tage se trouvaient les petits appartements r\u00e9serv\u00e9s aux secr\u00e9taires de l\u2019\u00e9v\u00eaque, aux vicaires \u00e9piscopaux, aux amis et aux membres de la famille du pr\u00e9lat.<\/p>\n<div class=\"image-block\">\n<p><img class=\"lazyload\" decoding=\"async\" src=\"data:image\/gif;base64,R0lGODlhAQABAAAAACH5BAEKAAEALAAAAAABAAEAAAICTAEAOw==\" data-orig-src=\"http:\/\/cmpaix.eu\/fr\/wp-content\/uploads\/2025\/08\/illustration-13.jpg\" alt=\"Grand Appartement de l'\u00e9v\u00eaque\"><\/p>\n<p class=\"legend\"><em>Le Grand Appartement de l\u2019\u00e9v\u00eaque&nbsp;: la biblioth\u00e8que<\/em>, \u00e9tat actuel \u00a9 clich\u00e9 Nicolas Le Clerre<\/p>\n<p>Autres lieux \u00e0 voir :&nbsp;<\/p>\n<h6><a class=\"card\" href=\"facade-place\">\ufe0f<\/a><a href=\"https:\/\/cmpaix.eu\/fr\/le-portail-place-monseigneur-ginisty\/\">Fa\u00e7ade c\u00f4t\u00e9 place<\/a> \/<a href=\"https:\/\/cmpaix.eu\/fr\/la-rotule\/\">La rotule<\/a> \/&nbsp;<a href=\"https:\/\/cmpaix.eu\/fr\/entree-de-la-cour\/\">la cour d\u2019honneur<\/a>&nbsp; \/&nbsp;<a href=\"https:\/\/cmpaix.eu\/fr\/la-chapelle\/\">La Chapelle<\/a> \/&nbsp;<a href=\"https:\/\/cmpaix.eu\/fr\/la-marelle\/\">La Marelle<\/a> \/&nbsp;<a href=\"https:\/\/cmpaix.eu\/fr\/le-peristyle\/\">Le p\u00e9ristyle<\/a> \/&nbsp;<a href=\"https:\/\/cmpaix.eu\/fr\/les-jardins\/\">Les Jardins<\/a> \/&nbsp;<a href=\"https:\/\/cmpaix.eu\/fr\/le-mur-de-berlin\/\">Fragment du Mur de Berlin<\/a> \/ <a href=\"https:\/\/cmpaix.eu\/fr\/vue-depuis-les-jardins\/\">Vue sur Verdun<\/a>&nbsp;<\/h6>\n<\/div>\n<\/section>\n","protected":false},"excerpt":{"rendered":"<p>Fa\u00e7ade c\u00f4t\u00e9 jardin La fa\u00e7ade du palais \u00e9piscopal qui donne sur les jardins, de style classique, est encore plus sobre que celle de la cour. Au rez-de-chauss\u00e9e se d\u00e9ployait \u00e0 gauche, vers le Nord, l\u2019appartement des h\u00f4tes, compos\u00e9 d\u2019un grand salon, d\u2019une chambre d\u2019apparat, d\u2019une garde-robe et d\u2019un cabinet de  [&#8230;]<\/p>\n","protected":false},"author":1,"featured_media":0,"parent":0,"menu_order":9,"comment_status":"closed","ping_status":"closed","template":"","meta":{"ngg_post_thumbnail":0,"footnotes":""},"class_list":["post-14955","page","type-page","status-publish","hentry"],"_links":{"self":[{"href":"https:\/\/cmpaix.eu\/fr\/wp-json\/wp\/v2\/pages\/14955","targetHints":{"allow":["GET"]}}],"collection":[{"href":"https:\/\/cmpaix.eu\/fr\/wp-json\/wp\/v2\/pages"}],"about":[{"href":"https:\/\/cmpaix.eu\/fr\/wp-json\/wp\/v2\/types\/page"}],"author":[{"embeddable":true,"href":"https:\/\/cmpaix.eu\/fr\/wp-json\/wp\/v2\/users\/1"}],"replies":[{"embeddable":true,"href":"https:\/\/cmpaix.eu\/fr\/wp-json\/wp\/v2\/comments?post=14955"}],"version-history":[{"count":6,"href":"https:\/\/cmpaix.eu\/fr\/wp-json\/wp\/v2\/pages\/14955\/revisions"}],"predecessor-version":[{"id":15113,"href":"https:\/\/cmpaix.eu\/fr\/wp-json\/wp\/v2\/pages\/14955\/revisions\/15113"}],"wp:attachment":[{"href":"https:\/\/cmpaix.eu\/fr\/wp-json\/wp\/v2\/media?parent=14955"}],"curies":[{"name":"wp","href":"https:\/\/api.w.org\/{rel}","templated":true}]}}

La façade côté jardins

<section class="palais-section">
<h2>Façade côté jardin</h2>
<p>La façade du palais épiscopal qui donne sur les jardins, de style classique, est encore plus sobre que celle de la cour.</p>
<p>Au rez-de-chaussée se déployait à gauche, vers le Nord, l’appartement des hôtes, composé d’un grand salon, d’une chambre d’apparat, d’une garde-robe et d’un cabinet de toilette.</p>
<p>À droite, au Sud, bénéficiant d’une vue superbe sur la ville, on entrait dans les grands appartements&nbsp; de l’évêque, une enfilade de pièces de réception formant un L, jusqu’à la grande galerie.</p>
<p>Au premier étage se trouvaient les petits appartements réservés aux secrétaires de l’évêque, aux vicaires épiscopaux, aux amis et aux membres de la famille du prélat.</p>
<div class="image-block">
<p><img class="lazyload" decoding="async" src="data:image/gif;base64,R0lGODlhAQABAAAAACH5BAEKAAEALAAAAAABAAEAAAICTAEAOw==" data-orig-src="http://cmpaix.eu/fr/wp-content/uploads/2025/08/illustration-13.jpg" alt="Grand Appartement de l'évêque"></p>
<p class="legend"><em>Le Grand Appartement de l’évêque&nbsp;: la bibliothèque</em>, état actuel © cliché Nicolas Le Clerre</p>
<p>Autres lieux à voir :&nbsp;</p>
<h6><a class="card" href="facade-place">️</a><a href="https://cmpaix.eu/fr/le-portail-place-monseigneur-ginisty/">Façade côté place</a> /<a href="https://cmpaix.eu/fr/la-rotule/">La rotule</a> /&nbsp;<a href="https://cmpaix.eu/fr/entree-de-la-cour/">la cour d’honneur</a>&nbsp; /&nbsp;<a href="https://cmpaix.eu/fr/la-chapelle/">La Chapelle</a> /&nbsp;<a href="https://cmpaix.eu/fr/la-marelle/">La Marelle</a> /&nbsp;<a href="https://cmpaix.eu/fr/le-peristyle/">Le péristyle</a> /&nbsp;<a href="https://cmpaix.eu/fr/les-jardins/">Les Jardins</a> /&nbsp;<a href="https://cmpaix.eu/fr/le-mur-de-berlin/">Fragment du Mur de Berlin</a> / <a href="https://cmpaix.eu/fr/vue-depuis-les-jardins/">Vue sur Verdun</a>&nbsp;</h6>
</div>
</section>

<p>Façade côté jardin La façade du palais épiscopal qui donne sur les jardins, de style classique, est encore plus sobre que celle de la cour. Au rez-de-chaussée se déployait à gauche, vers le Nord, l’appartement des hôtes, composé d’un grand salon, d’une chambre d’apparat, d’une garde-robe et d’un cabinet de  [&#8230;]</p>
