{"id":14958,"date":"2025-07-04T17:56:29","date_gmt":"2025-07-04T15:56:29","guid":{"rendered":"https:\/\/cmpaix.eu\/fr\/?page_id=14958"},"modified":"2025-08-25T12:18:14","modified_gmt":"2025-08-25T10:18:14","slug":"vue-depuis-les-jardins","status":"publish","type":"page","link":"https:\/\/cmpaix.eu\/fr\/vue-depuis-les-jardins\/","title":{"rendered":"Vue depuis les jardins"},"content":{"rendered":"<section class=\"palais-section\">\n<h2>Vue sur Verdun depuis les jardins<\/h2>\n<p>L\u2019\u00e9peron rocheux de la Ville Haute a toujours constitu\u00e9 une sorte de forteresse naturelle. Le site fut exploit\u00e9 par Robert de Cotte pour \u00e9tablir des terrasses servant \u00e0 soutenir les fondations du palais, am\u00e9nag\u00e9es en potager et en jardin d\u2019agr\u00e9ment.<\/p>\n<p>Depuis les jardins, la vue sur la vall\u00e9e de la Meuse et la Ville Basse est magnifique. De gauche \u00e0 droite, on r\u00e9ussit \u00e0 identifier&nbsp;:<\/p>\n<ul>\n<li style=\"list-style-type: none;\">\n<ul>\n<li>La chapelle Buvignier&nbsp;<\/li>\n<li>Le march\u00e9 couvert&nbsp;<\/li>\n<li>L\u2019h\u00f4tel de ville&nbsp;<\/li>\n<li>L\u2019\u00e9glise Saint-Victor&nbsp;<\/li>\n<li>Le pont-\u00e9cluse Saint-Amand , ing\u00e9nieuse r\u00e9alisation de l\u2019ing\u00e9nieur Vauban en 1680-1685<\/li>\n<li>L\u2019\u00e9tang du Pr\u00e9 l\u2019\u00e9v\u00eaque , qui pouvait \u00eatre inond\u00e9 pour prot\u00e9ger la ville, gr\u00e2ce au pont-\u00e9cluse<\/li>\n<\/ul>\n<\/li>\n<li>Autres lieux \u00e0 voir :&nbsp;<a class=\"card\" href=\"facade-place\">\ufe0f<\/a><a href=\"https:\/\/cmpaix.eu\/fr\/le-portail-place-monseigneur-ginisty\/\">Fa\u00e7ade c\u00f4t\u00e9 place<\/a> \/<a href=\"https:\/\/cmpaix.eu\/fr\/la-rotule\/\">La rotule<\/a> \/&nbsp;<a href=\"https:\/\/cmpaix.eu\/fr\/entree-de-la-cour\/\">la cour d\u2019honneur<\/a>&nbsp; \/&nbsp;<a href=\"https:\/\/cmpaix.eu\/fr\/la-chapelle\/\">La Chapelle<\/a> \/&nbsp;<a href=\"https:\/\/cmpaix.eu\/fr\/la-marelle\/\">La Marelle<\/a> \/&nbsp;<a href=\"https:\/\/cmpaix.eu\/fr\/le-peristyle\/\">Le p\u00e9ristyle<\/a> \/&nbsp;<a href=\"https:\/\/cmpaix.eu\/fr\/les-jardins\/\">Les Jardins<\/a> \/&nbsp;<a href=\"https:\/\/cmpaix.eu\/fr\/le-mur-de-berlin\/\">Fragment du Mur de Berlin<\/a> \/&nbsp;<a href=\"https:\/\/cmpaix.eu\/fr\/la-facade-cote-jardins\/\">Fa\u00e7ade c\u00f4t\u00e9 jardin<\/a><\/li>\n<\/ul>\n<\/section>\n","protected":false},"excerpt":{"rendered":"<p>Vue sur Verdun depuis les jardins L\u2019\u00e9peron rocheux de la Ville Haute a toujours constitu\u00e9 une sorte de forteresse naturelle. Le site fut exploit\u00e9 par Robert de Cotte pour \u00e9tablir des terrasses servant \u00e0 soutenir les fondations du palais, am\u00e9nag\u00e9es en potager et en jardin d\u2019agr\u00e9ment. Depuis les jardins, la  [&#8230;]<\/p>\n","protected":false},"author":1,"featured_media":0,"parent":0,"menu_order":10,"comment_status":"closed","ping_status":"closed","template":"","meta":{"ngg_post_thumbnail":0,"footnotes":""},"class_list":["post-14958","page","type-page","status-publish","hentry"],"_links":{"self":[{"href":"https:\/\/cmpaix.eu\/fr\/wp-json\/wp\/v2\/pages\/14958","targetHints":{"allow":["GET"]}}],"collection":[{"href":"https:\/\/cmpaix.eu\/fr\/wp-json\/wp\/v2\/pages"}],"about":[{"href":"https:\/\/cmpaix.eu\/fr\/wp-json\/wp\/v2\/types\/page"}],"author":[{"embeddable":true,"href":"https:\/\/cmpaix.eu\/fr\/wp-json\/wp\/v2\/users\/1"}],"replies":[{"embeddable":true,"href":"https:\/\/cmpaix.eu\/fr\/wp-json\/wp\/v2\/comments?post=14958"}],"version-history":[{"count":6,"href":"https:\/\/cmpaix.eu\/fr\/wp-json\/wp\/v2\/pages\/14958\/revisions"}],"predecessor-version":[{"id":15103,"href":"https:\/\/cmpaix.eu\/fr\/wp-json\/wp\/v2\/pages\/14958\/revisions\/15103"}],"wp:attachment":[{"href":"https:\/\/cmpaix.eu\/fr\/wp-json\/wp\/v2\/media?parent=14958"}],"curies":[{"name":"wp","href":"https:\/\/api.w.org\/{rel}","templated":true}]}}

<section class="palais-section">
<h2>Vue sur Verdun depuis les jardins</h2>
<p>L’éperon rocheux de la Ville Haute a toujours constitué une sorte de forteresse naturelle. Le site fut exploité par Robert de Cotte pour établir des terrasses servant à soutenir les fondations du palais, aménagées en potager et en jardin d’agrément.</p>
<p>Depuis les jardins, la vue sur la vallée de la Meuse et la Ville Basse est magnifique. De gauche à droite, on réussit à identifier&nbsp;:</p>
<ul>
<li style="list-style-type: none;">
<ul>
<li>La chapelle Buvignier&nbsp;</li>
<li>Le marché couvert&nbsp;</li>
<li>L’hôtel de ville&nbsp;</li>
<li>L’église Saint-Victor&nbsp;</li>
<li>Le pont-écluse Saint-Amand , ingénieuse réalisation de l’ingénieur Vauban en 1680-1685</li>
<li>L’étang du Pré l’évêque , qui pouvait être inondé pour protéger la ville, grâce au pont-écluse</li>
</ul>
</li>
<li>Autres lieux à voir :&nbsp;<a class="card" href="facade-place">️</a><a href="https://cmpaix.eu/fr/le-portail-place-monseigneur-ginisty/">Façade côté place</a> /<a href="https://cmpaix.eu/fr/la-rotule/">La rotule</a> /&nbsp;<a href="https://cmpaix.eu/fr/entree-de-la-cour/">la cour d’honneur</a>&nbsp; /&nbsp;<a href="https://cmpaix.eu/fr/la-chapelle/">La Chapelle</a> /&nbsp;<a href="https://cmpaix.eu/fr/la-marelle/">La Marelle</a> /&nbsp;<a href="https://cmpaix.eu/fr/le-peristyle/">Le péristyle</a> /&nbsp;<a href="https://cmpaix.eu/fr/les-jardins/">Les Jardins</a> /&nbsp;<a href="https://cmpaix.eu/fr/le-mur-de-berlin/">Fragment du Mur de Berlin</a> /&nbsp;<a href="https://cmpaix.eu/fr/la-facade-cote-jardins/">Façade côté jardin</a></li>
</ul>
</section>

<p>Vue sur Verdun depuis les jardins L’éperon rocheux de la Ville Haute a toujours constitué une sorte de forteresse naturelle. Le site fut exploité par Robert de Cotte pour établir des terrasses servant à soutenir les fondations du palais, aménagées en potager et en jardin d’agrément. Depuis les jardins, la  [&#8230;]</p>
